CRAN Package Check Results for Package opGMMassessment

Last updated on 2022-08-12 10:52:24 CEST.

Flavor Version Tinstall Tcheck Ttotal Status Flags
r-devel-linux-x86_64-debian-clang 0.3.2 18.64 151.34 169.98 OK
r-devel-linux-x86_64-debian-gcc 0.3.2 15.92 113.01 128.93 OK
r-devel-linux-x86_64-fedora-clang 0.3.2 211.97 OK
r-devel-linux-x86_64-fedora-gcc 0.3.2 209.33 OK
r-devel-windows-x86_64 0.3.2 57.00 160.00 217.00 OK
r-patched-linux-x86_64 0.3.2 17.37 143.39 160.76 OK
r-release-linux-x86_64 0.3.2 18.09 143.10 161.19 OK
r-release-macos-arm64 0.3.2 7.00 ERROR
r-release-macos-x86_64 0.3.2 7.00 ERROR
r-release-windows-x86_64 0.3.2 50.00 162.00 212.00 OK
r-oldrel-macos-arm64 0.3.2 5.00 ERROR
r-oldrel-macos-x86_64 0.3.2 7.00 ERROR
r-oldrel-windows-ix86+x86_64 0.3.2 43.00 157.00 200.00 OK

Check Details

Version: 0.3.2
Check: package dependencies
Result: ERROR
    Package required but not available: ‘mixAK’
    
    See section ‘The DESCRIPTION file’ in the ‘Writing R Extensions’
    manual.
Flavors: r-release-macos-arm64, r-release-macos-x86_64, r-oldrel-macos-arm64, r-oldrel-macos-x86_64