CRAN Package Check Results for Package openMSE

Last updated on 2021-10-25 12:59:34 CEST.

Flavor Version Tinstall Tcheck Ttotal Status Flags
r-devel-linux-x86_64-debian-clang 1.0.0 10.78 95.82 106.60 NOTE
r-devel-linux-x86_64-debian-gcc 1.0.0 9.64 71.94 81.58 NOTE
r-devel-linux-x86_64-fedora-clang 1.0.0 138.41 NOTE
r-devel-linux-x86_64-fedora-gcc 1.0.0 123.84 NOTE
r-devel-windows-x86_64 1.0.0 18.00 90.00 108.00 NOTE
r-devel-windows-x86_64-gcc10-UCRT 1.0.0 NOTE
r-patched-linux-x86_64 1.0.0 10.00 91.05 101.05 NOTE
r-patched-solaris-x86 1.0.0 185.30 NOTE
r-release-linux-x86_64 1.0.0 10.04 89.12 99.16 NOTE
r-release-macos-arm64 1.0.0 NOTE
r-release-macos-x86_64 1.0.0 NOTE
r-release-windows-ix86+x86_64 1.0.0 20.00 117.00 137.00 NOTE
r-oldrel-macos-x86_64 1.0.0 OK
r-oldrel-windows-ix86+x86_64 1.0.0 28.00 123.00 151.00 OK

Check Details

Version: 1.0.0
Check: LazyData
Result: NOTE
     'LazyData' is specified without a 'data' directory
Flavors: r-devel-linux-x86_64-debian-clang, r-devel-linux-x86_64-debian-gcc, r-devel-linux-x86_64-fedora-clang, r-devel-linux-x86_64-fedora-gcc, r-devel-windows-x86_64, r-devel-windows-x86_64-gcc10-UCRT, r-patched-linux-x86_64, r-patched-solaris-x86, r-release-linux-x86_64, r-release-macos-arm64, r-release-macos-x86_64, r-release-windows-ix86+x86_64