CRAN Package Check Results for Package openNLPdata

Last updated on 2021-12-08 13:56:14 CET.

Flavor Version Tinstall Tcheck Ttotal Status Flags
r-devel-linux-x86_64-debian-clang 1.5.3-4 3.72 32.44 36.16 OK
r-devel-linux-x86_64-debian-gcc 1.5.3-4 3.08 26.35 29.43 OK
r-devel-linux-x86_64-fedora-clang 1.5.3-4 44.41 NOTE
r-devel-linux-x86_64-fedora-gcc 1.5.3-4 34.93 NOTE
r-devel-windows-x86_64-new-UL 1.5.3-4 8.00 49.00 57.00 NOTE
r-devel-windows-x86_64-new-TK 1.5.3-4 OK
r-devel-windows-x86_64-old 1.5.3-4 6.00 32.00 38.00 NOTE
r-patched-linux-x86_64 1.5.3-4 3.25 31.38 34.63 OK
r-release-linux-x86_64 1.5.3-4 4.14 31.28 35.42 OK
r-release-macos-arm64 1.5.3-4 NOTE
r-release-macos-x86_64 1.5.3-4 NOTE
r-release-windows-ix86+x86_64 1.5.3-4 9.00 30.00 39.00 NOTE
r-oldrel-macos-x86_64 1.5.3-4 NOTE
r-oldrel-windows-ix86+x86_64 1.5.3-4 8.00 40.00 48.00 NOTE

Check Details

Version: 1.5.3-4
Check: installed package size
Result: NOTE
     installed size is 7.2Mb
     sub-directories of 1Mb or more:
     java 1.2Mb
     models 6.0Mb
Flavors: r-devel-linux-x86_64-fedora-clang, r-devel-windows-x86_64-new-UL, r-devel-windows-x86_64-old, r-release-macos-arm64, r-release-macos-x86_64, r-release-windows-ix86+x86_64, r-oldrel-macos-x86_64, r-oldrel-windows-ix86+x86_64

Version: 1.5.3-4
Check: top-level files
Result: NOTE
     possible bashism in configure line 52 (test -a/-o):
     if test ${java_version_maj} -ge 5 || \
     test ${java_version_maj} -eq 1 -a ${java_version_min} -ge 5;
Flavors: r-devel-linux-x86_64-fedora-clang, r-devel-linux-x86_64-fedora-gcc