CRAN Package Check Results for Package openNLPdata

Last updated on 2019-11-14 07:50:03 CET.

Flavor Version Tinstall Tcheck Ttotal Status Flags
r-devel-linux-x86_64-debian-clang 1.5.3-4 3.40 21.57 24.97 OK
r-devel-linux-x86_64-debian-gcc 1.5.3-4 2.64 16.88 19.52 OK
r-devel-linux-x86_64-fedora-clang 1.5.3-4 30.38 NOTE
r-devel-linux-x86_64-fedora-gcc 1.5.3-4 31.94 NOTE
r-devel-windows-ix86+x86_64 1.5.3-4 5.00 6.00 11.00 ERROR
r-patched-linux-x86_64 1.5.3-4 3.38 20.96 24.34 OK
r-patched-solaris-x86 1.5.3-4 50.50 NOTE
r-release-linux-x86_64 1.5.3-4 3.51 21.12 24.63 OK
r-release-windows-ix86+x86_64 1.5.3-4 7.00 40.00 47.00 NOTE
r-release-osx-x86_64 1.5.3-4 NOTE
r-oldrel-windows-ix86+x86_64 1.5.3-4 5.00 33.00 38.00 NOTE
r-oldrel-osx-x86_64 1.5.3-4 NOTE

Check Details

Version: 1.5.3-4
Check: installed package size
Result: NOTE
     installed size is 7.2Mb
     sub-directories of 1Mb or more:
     java 1.2Mb
     models 6.0Mb
Flavors: r-devel-linux-x86_64-fedora-clang, r-patched-solaris-x86, r-release-windows-ix86+x86_64, r-release-osx-x86_64, r-oldrel-windows-ix86+x86_64, r-oldrel-osx-x86_64

Version: 1.5.3-4
Check: top-level files
Result: NOTE
     possible bashism in configure line 52 (test -a/-o):
     if test ${java_version_maj} -ge 5 || \
     test ${java_version_maj} -eq 1 -a ${java_version_min} -ge 5;
Flavors: r-devel-linux-x86_64-fedora-clang, r-devel-linux-x86_64-fedora-gcc

Version: 1.5.3-4
Check: whether package can be installed
Result: ERROR
    Installation failed.
Flavor: r-devel-windows-ix86+x86_64