CRAN Package Check Results for Package openVA

Last updated on 2021-06-14 04:53:32 CEST.

Flavor Version Tinstall Tcheck Ttotal Status Flags
r-devel-linux-x86_64-debian-clang 1.0.12 9.09 120.43 129.52 NOTE
r-devel-linux-x86_64-debian-gcc 1.0.12 6.15 88.85 95.00 NOTE
r-devel-linux-x86_64-fedora-clang 1.0.12 161.39 NOTE
r-devel-linux-x86_64-fedora-gcc 1.0.12 145.81 NOTE
r-devel-windows-x86_64 1.0.12 15.00 132.00 147.00 OK
r-devel-windows-x86_64-gcc10-UCRT 1.0.12 NOTE
r-patched-linux-x86_64 1.0.12 8.58 114.98 123.56 NOTE
r-patched-solaris-x86 1.0.12 202.80 NOTE
r-release-linux-x86_64 1.0.12 6.53 116.14 122.67 NOTE
r-release-macos-arm64 1.0.12 ERROR
r-release-macos-x86_64 1.0.12 NOTE
r-release-windows-ix86+x86_64 1.0.12 21.00 132.00 153.00 OK
r-oldrel-macos-x86_64 1.0.12 NOTE
r-oldrel-windows-ix86+x86_64 1.0.12 21.00 131.00 152.00 OK

Check Details

Version: 1.0.12
Check: package dependencies
Result: NOTE
    Package suggested but not available for checking: 'nbc4va'
Flavors: r-devel-linux-x86_64-debian-clang, r-devel-linux-x86_64-debian-gcc, r-devel-linux-x86_64-fedora-clang, r-devel-linux-x86_64-fedora-gcc, r-devel-windows-x86_64-gcc10-UCRT, r-patched-linux-x86_64, r-patched-solaris-x86, r-release-linux-x86_64, r-release-macos-arm64, r-release-macos-x86_64, r-oldrel-macos-x86_64

Version: 1.0.12
Check: whether package can be installed
Result: ERROR
    Installation failed.
Flavor: r-release-macos-arm64