CRAN Package Check Results for Package openalexR

Last updated on 2022-06-26 06:50:43 CEST.

Flavor Version Tinstall Tcheck Ttotal Status Flags
r-devel-linux-x86_64-debian-clang 0.0.1 6.05 170.49 176.54 OK
r-devel-linux-x86_64-debian-gcc 0.0.1 4.75 124.93 129.68 OK
r-devel-linux-x86_64-fedora-clang 0.0.1 194.64 NOTE
r-devel-linux-x86_64-fedora-gcc 0.0.1 212.13 NOTE
r-devel-windows-x86_64 0.0.1 26.00 212.00 238.00 OK
r-patched-linux-x86_64 0.0.1 5.68 162.66 168.34 OK
r-release-linux-x86_64 0.0.1 5.93 163.71 169.64 OK
r-release-macos-arm64 0.0.1 79.00 NOTE
r-release-macos-x86_64 0.0.1 89.00 NOTE
r-release-windows-x86_64 0.0.1 23.00 211.00 234.00 OK
r-oldrel-macos-arm64 0.0.1 78.00 NOTE
r-oldrel-macos-x86_64 0.0.1 91.00 NOTE
r-oldrel-windows-ix86+x86_64 0.0.1 15.00 220.00 235.00 OK

Check Details

Version: 0.0.1
Check: data for non-ASCII characters
Result: NOTE
     Note: found 5 marked UTF-8 strings
Flavors: r-devel-linux-x86_64-fedora-clang, r-devel-linux-x86_64-fedora-gcc, r-release-macos-arm64, r-release-macos-x86_64, r-oldrel-macos-arm64, r-oldrel-macos-x86_64