Last updated on 2022-06-30 20:49:10 CEST.
Flavor | Version | Tinstall | Tcheck | Ttotal | Status | Flags |
---|---|---|---|---|---|---|
r-devel-linux-x86_64-debian-clang | 0.1.1 | 2.78 | 24.41 | 27.19 | OK | |
r-devel-linux-x86_64-debian-gcc | 0.1.1 | 2.22 | 19.95 | 22.17 | OK | |
r-devel-linux-x86_64-fedora-clang | 0.1.1 | 44.27 | NOTE | |||
r-devel-linux-x86_64-fedora-gcc | 0.1.1 | 43.54 | NOTE | |||
r-devel-windows-x86_64 | 0.1.1 | 13.00 | 52.00 | 65.00 | OK | |
r-patched-linux-x86_64 | 0.1.1 | 1.99 | 24.43 | 26.42 | OK | |
r-release-linux-x86_64 | 0.1.1 | 2.37 | 24.34 | 26.71 | OK | |
r-release-macos-arm64 | 0.1.1 | 17.00 | NOTE | |||
r-release-macos-x86_64 | 0.1.1 | 26.00 | NOTE | |||
r-release-windows-x86_64 | 0.1.1 | 16.00 | 52.00 | 68.00 | OK | |
r-oldrel-macos-arm64 | 0.1.1 | 15.00 | NOTE | |||
r-oldrel-macos-x86_64 | 0.1.1 | 23.00 | NOTE | |||
r-oldrel-windows-ix86+x86_64 | 0.1.1 | 7.00 | 42.00 | 49.00 | OK |
Version: 0.1.1
Check: dependencies in R code
Result: NOTE
Namespaces in Imports field not imported from:
‘dplyr’ ‘glue’ ‘httpcode’ ‘httr’ ‘jsonlite’ ‘tidyr’
All declared Imports should be used.
Flavors: r-devel-linux-x86_64-fedora-clang, r-devel-linux-x86_64-fedora-gcc, r-release-macos-arm64, r-release-macos-x86_64, r-oldrel-macos-arm64, r-oldrel-macos-x86_64