CRAN Package Check Results for Package opendatatoronto

Last updated on 2020-07-13 12:49:02 CEST.

Flavor Version Tinstall Tcheck Ttotal Status Flags
r-devel-linux-x86_64-debian-clang 0.1.3 3.67 32.89 36.56 OK
r-devel-linux-x86_64-debian-gcc 0.1.3 2.60 26.06 28.66 OK
r-devel-linux-x86_64-fedora-clang 0.1.3 52.65 OK
r-devel-linux-x86_64-fedora-gcc 0.1.3 56.74 OK
r-devel-windows-ix86+x86_64 0.1.3 8.00 56.00 64.00 OK
r-patched-linux-x86_64 0.1.3 3.05 32.51 35.56 OK
r-patched-solaris-x86 0.1.3 66.80 OK
r-release-linux-x86_64 0.1.3 3.39 32.95 36.34 OK
r-release-macos-x86_64 0.1.3 ERROR
r-release-windows-ix86+x86_64 0.1.3 11.00 78.00 89.00 OK
r-oldrel-macos-x86_64 0.1.3 OK
r-oldrel-windows-ix86+x86_64 0.1.3 11.00 51.00 62.00 OK

Check Details

Version: 0.1.3
Check: whether package can be installed
Result: ERROR
    Installation failed.
Flavor: r-release-macos-x86_64