CRAN Package Check Results for Package opendatatoronto

Last updated on 2019-12-10 18:51:37 CET.

Flavor Version Tinstall Tcheck Ttotal Status Flags
r-devel-linux-x86_64-debian-clang 0.1.1 3.13 52.06 55.19 OK
r-devel-linux-x86_64-debian-gcc 0.1.1 2.48 41.22 43.70 OK
r-devel-linux-x86_64-fedora-clang 0.1.1 67.32 OK
r-devel-linux-x86_64-fedora-gcc 0.1.1 65.53 OK
r-devel-windows-ix86+x86_64 0.1.1 19.00 78.00 97.00 WARN
r-devel-windows-ix86+x86_64-gcc8 0.1.1 11.00 113.00 124.00 OK
r-patched-linux-x86_64 0.1.1 2.74 47.43 50.17 OK
r-patched-solaris-x86 0.1.1 91.20 OK
r-release-linux-x86_64 0.1.1 2.21 47.97 50.18 OK
r-release-windows-ix86+x86_64 0.1.1 6.00 80.00 86.00 OK
r-release-osx-x86_64 0.1.1 OK
r-oldrel-windows-ix86+x86_64 0.1.1 5.00 65.00 70.00 OK
r-oldrel-osx-x86_64 0.1.1 OK

Check Details

Version: 0.1.1
Check: re-building of vignette outputs
Result: WARN
    Error(s) in re-building vignettes:
    --- re-building 'multifile_zip_resources.Rmd' using rmarkdown
    Error: processing vignette 'multifile_zip_resources.Rmd' failed with diagnostics:
    there is no package called 'stringi'
    --- failed re-building 'multifile_zip_resources.Rmd'
    
    --- re-building 'multiple_resources_purrr.Rmd' using rmarkdown
    Error: processing vignette 'multiple_resources_purrr.Rmd' failed with diagnostics:
    there is no package called 'stringi'
    --- failed re-building 'multiple_resources_purrr.Rmd'
    
    --- re-building 'multisheet_resources.Rmd' using rmarkdown
    Error: processing vignette 'multisheet_resources.Rmd' failed with diagnostics:
    there is no package called 'stringi'
    --- failed re-building 'multisheet_resources.Rmd'
    
    --- re-building 'opendatatoronto.Rmd' using rmarkdown
    Error: processing vignette 'opendatatoronto.Rmd' failed with diagnostics:
    there is no package called 'stringi'
    --- failed re-building 'opendatatoronto.Rmd'
    
    --- re-building 'spatial_data.Rmd' using rmarkdown
    Error: processing vignette 'spatial_data.Rmd' failed with diagnostics:
    there is no package called 'stringi'
    --- failed re-building 'spatial_data.Rmd'
    
    SUMMARY: processing the following files failed:
     'multifile_zip_resources.Rmd' 'multiple_resources_purrr.Rmd'
     'multisheet_resources.Rmd' 'opendatatoronto.Rmd' 'spatial_data.Rmd'
    
    Error: Vignette re-building failed.
    Execution halted
Flavor: r-devel-windows-ix86+x86_64