CRAN Package Check Results for Package opendotaR

Last updated on 2019-09-23 11:48:24 CEST.

Flavor Version Tinstall Tcheck Ttotal Status Flags
r-devel-linux-x86_64-debian-clang 0.1.4 1.57 17.30 18.87 OK
r-devel-linux-x86_64-debian-gcc 0.1.4 1.61 14.11 15.72 OK
r-devel-linux-x86_64-fedora-clang 0.1.4 23.95 NOTE
r-devel-linux-x86_64-fedora-gcc 0.1.4 23.54 NOTE
r-devel-windows-ix86+x86_64 0.1.4 6.00 45.00 51.00 OK
r-patched-linux-x86_64 0.1.4 1.41 17.22 18.63 OK
r-patched-solaris-x86 0.1.4 38.00 NOTE
r-release-linux-x86_64 0.1.4 1.44 17.35 18.79 OK
r-release-windows-ix86+x86_64 0.1.4 8.00 44.00 52.00 OK
r-release-osx-x86_64 0.1.4 NOTE
r-oldrel-windows-ix86+x86_64 0.1.4 2.00 30.00 32.00 OK
r-oldrel-osx-x86_64 0.1.4 NOTE

Check Details

Version: 0.1.4
Check: dependencies in R code
Result: NOTE
    Namespace in Imports field not imported from: ‘dplyr’
     All declared Imports should be used.
Flavors: r-devel-linux-x86_64-fedora-clang, r-devel-linux-x86_64-fedora-gcc, r-patched-solaris-x86, r-release-osx-x86_64, r-oldrel-osx-x86_64