CRAN Package Check Results for Package opendotaR

Last updated on 2019-06-20 05:48:35 CEST.

Flavor Version Tinstall Tcheck Ttotal Status Flags
r-devel-linux-x86_64-debian-clang 0.1.4 1.62 17.28 18.90 OK
r-devel-linux-x86_64-debian-gcc 0.1.4 1.34 14.36 15.70 OK
r-devel-linux-x86_64-fedora-clang 0.1.4 23.59 NOTE
r-devel-linux-x86_64-fedora-gcc 0.1.4 22.69 NOTE
r-devel-windows-ix86+x86_64 0.1.4 8.00 45.00 53.00 OK
r-patched-linux-x86_64 0.1.4 1.59 17.43 19.02 OK
r-patched-solaris-x86 0.1.4 38.70 NOTE
r-release-linux-x86_64 0.1.4 1.67 17.53 19.20 OK
r-release-windows-ix86+x86_64 0.1.4 7.00 42.00 49.00 OK
r-release-osx-x86_64 0.1.4 NOTE
r-oldrel-windows-ix86+x86_64 0.1.4 2.00 53.00 55.00 OK
r-oldrel-osx-x86_64 0.1.4 NOTE

Check Details

Version: 0.1.4
Check: dependencies in R code
Result: NOTE
    Namespace in Imports field not imported from: ‘dplyr’
     All declared Imports should be used.
Flavors: r-devel-linux-x86_64-fedora-clang, r-devel-linux-x86_64-fedora-gcc, r-patched-solaris-x86, r-release-osx-x86_64, r-oldrel-osx-x86_64