Last updated on 2021-03-02 15:48:08 CET.
Flavor | Version | Tinstall | Tcheck | Ttotal | Status | Flags |
---|---|---|---|---|---|---|
r-devel-linux-x86_64-debian-clang | 0.1.4 | OK | ||||
r-devel-linux-x86_64-debian-gcc | 0.1.4 | 1.64 | 17.49 | 19.13 | OK | |
r-devel-linux-x86_64-fedora-clang | 0.1.4 | 38.68 | NOTE | |||
r-devel-linux-x86_64-fedora-gcc | 0.1.4 | 28.55 | NOTE | |||
r-devel-windows-ix86+x86_64 | 0.1.4 | 5.00 | 29.00 | 34.00 | OK | |
r-patched-linux-x86_64 | 0.1.4 | 2.02 | 21.14 | 23.16 | OK | |
r-patched-solaris-x86 | 0.1.4 | 44.60 | NOTE | |||
r-release-linux-x86_64 | 0.1.4 | 1.88 | 21.06 | 22.94 | OK | |
r-release-macos-x86_64 | 0.1.4 | NOTE | ||||
r-release-windows-ix86+x86_64 | 0.1.4 | 5.00 | 35.00 | 40.00 | OK | |
r-oldrel-macos-x86_64 | 0.1.4 | NOTE | ||||
r-oldrel-windows-ix86+x86_64 | 0.1.4 | 3.00 | 39.00 | 42.00 | OK |
Version: 0.1.4
Check: dependencies in R code
Result: NOTE
Namespace in Imports field not imported from: ‘dplyr’
All declared Imports should be used.
Flavors: r-devel-linux-x86_64-fedora-clang, r-devel-linux-x86_64-fedora-gcc, r-patched-solaris-x86, r-release-macos-x86_64, r-oldrel-macos-x86_64