CRAN Package Check Results for Package openmetrics

Last updated on 2021-01-20 02:50:26 CET.

Flavor Version Tinstall Tcheck Ttotal Status Flags
r-devel-linux-x86_64-debian-clang 0.3.0 5.83 23.54 29.37 OK
r-devel-linux-x86_64-debian-gcc 0.3.0 5.31 19.17 24.48 OK
r-devel-linux-x86_64-fedora-clang 0.3.0 46.38 NOTE
r-devel-linux-x86_64-fedora-gcc 0.3.0 37.52 NOTE
r-devel-windows-ix86+x86_64 0.3.0 12.00 32.00 44.00 OK
r-patched-linux-x86_64 0.3.0 6.14 23.54 29.68 OK
r-patched-solaris-x86 0.3.0 54.40 NOTE
r-release-linux-x86_64 0.3.0 5.97 23.55 29.52 OK
r-release-macos-x86_64 0.3.0 NOTE
r-release-windows-ix86+x86_64 0.3.0 10.00 30.00 40.00 OK
r-oldrel-macos-x86_64 0.3.0 NOTE
r-oldrel-windows-ix86+x86_64 0.3.0 7.00 29.00 36.00 OK

Check Details

Version: 0.3.0
Check: dependencies in R code
Result: NOTE
    Namespace in Imports field not imported from: ‘R6’
     All declared Imports should be used.
Flavors: r-devel-linux-x86_64-fedora-clang, r-devel-linux-x86_64-fedora-gcc, r-patched-solaris-x86, r-release-macos-x86_64, r-oldrel-macos-x86_64