CRAN Package Check Results for Package openssl

Last updated on 2019-11-13 12:47:03 CET.

Flavor Version Tinstall Tcheck Ttotal Status Flags
r-devel-linux-x86_64-debian-clang 1.4.1 15.35 47.30 62.65 OK
r-devel-linux-x86_64-debian-gcc 1.4.1 7.48 37.12 44.60 OK
r-devel-linux-x86_64-fedora-clang 1.4.1 81.64 NOTE
r-devel-linux-x86_64-fedora-gcc 1.4.1 72.87 NOTE
r-devel-windows-ix86+x86_64 1.4.1 116.00 119.00 235.00 NOTE
r-patched-linux-x86_64 1.4.1 9.47 48.93 58.40 OK
r-patched-solaris-x86 1.4.1 157.20 OK
r-release-linux-x86_64 1.4.1 8.78 50.48 59.26 OK
r-release-windows-ix86+x86_64 1.4.1 109.00 155.00 264.00 NOTE
r-release-osx-x86_64 1.4.1 NOTE
r-oldrel-windows-ix86+x86_64 1.4.1 73.00 146.00 219.00 NOTE
r-oldrel-osx-x86_64 1.4.1 NOTE

Check Details

Version: 1.4.1
Check: top-level files
Result: NOTE
     possible bashism in configure line 34 ($(OS|MACH)TYPE):
     case "$OSTYPE" in "darwin"*)
     possible bashism in configure line 40 (should be '.', not 'source'):
     source autobrew
     possible bashism in configure line 79 ($(OS|MACH)TYPE):
     case "$OSTYPE" in
Flavors: r-devel-linux-x86_64-fedora-clang, r-devel-linux-x86_64-fedora-gcc

Version: 1.4.1
Check: installed package size
Result: NOTE
     installed size is 8.7Mb
     sub-directories of 1Mb or more:
     doc 2.6Mb
     libs 5.6Mb
Flavors: r-devel-windows-ix86+x86_64, r-release-windows-ix86+x86_64, r-release-osx-x86_64, r-oldrel-windows-ix86+x86_64, r-oldrel-osx-x86_64