CRAN Package Check Results for Package openssl

Last updated on 2019-02-19 16:50:16 CET.

Flavor Version Tinstall Tcheck Ttotal Status Flags
r-devel-linux-x86_64-debian-clang 1.2.1 10.09 44.15 54.24 OK
r-devel-linux-x86_64-debian-gcc 1.2.1 6.17 33.87 40.04 OK
r-devel-linux-x86_64-fedora-clang 1.2.1 66.44 OK
r-devel-linux-x86_64-fedora-gcc 1.2.1 62.07 OK
r-devel-windows-ix86+x86_64 1.2.1 62.00 143.00 205.00 NOTE
r-patched-linux-x86_64 1.2.1 6.54 40.42 46.96 OK
r-patched-solaris-x86 1.2.1 109.20 OK
r-release-linux-x86_64 1.2.1 7.80 41.24 49.04 OK
r-release-windows-ix86+x86_64 1.2.1 48.00 148.00 196.00 NOTE
r-release-osx-x86_64 1.2.1 NOTE
r-oldrel-windows-ix86+x86_64 1.2.1 73.00 137.00 210.00 NOTE
r-oldrel-osx-x86_64 1.2.1 NOTE

Check Details

Version: 1.2.1
Check: installed package size
Result: NOTE
     installed size is 8.7Mb
     sub-directories of 1Mb or more:
     doc 2.6Mb
     libs 5.6Mb
Flavors: r-devel-windows-ix86+x86_64, r-release-windows-ix86+x86_64, r-release-osx-x86_64, r-oldrel-windows-ix86+x86_64, r-oldrel-osx-x86_64