CRAN Package Check Results for Package opentraj

Last updated on 2019-03-23 23:54:01 CET.

Flavor Version Tinstall Tcheck Ttotal Status Flags
r-devel-linux-x86_64-debian-clang 1.0 18.73 149.84 168.57 NOTE
r-devel-linux-x86_64-debian-gcc 1.0 17.46 124.55 142.01 NOTE
r-devel-linux-x86_64-fedora-clang 1.0 209.54 NOTE
r-devel-linux-x86_64-fedora-gcc 1.0 199.93 NOTE
r-devel-windows-ix86+x86_64 1.0 55.00 230.00 285.00 NOTE
r-patched-linux-x86_64 1.0 15.86 148.61 164.47 NOTE
r-patched-solaris-x86 1.0 306.20 NOTE
r-release-linux-x86_64 1.0 0.43 2.07 2.50 ERROR
r-release-windows-ix86+x86_64 1.0 27.00 169.00 196.00 NOTE
r-release-osx-x86_64 1.0 NOTE
r-oldrel-windows-ix86+x86_64 1.0 28.00 235.00 263.00 NOTE
r-oldrel-osx-x86_64 1.0 NOTE

Check Details

Version: 1.0
Check: R code for possible problems
Result: NOTE
    Df2SpLinesDf: no visible global function definition for 'slot'
    PlotTraj: no visible global function definition for 'par'
    PlotTraj: no visible global function definition for 'grid'
    PlotTraj: no visible global function definition for 'box'
    PlotTrajFreq: no visible global function definition for 'par'
    PlotTrajFreq: no visible global function definition for 'grid'
    PlotTrajFreq: no visible global function definition for
     'colorRampPalette'
    PlotTrajFreq: no visible global function definition for 'legend'
    PlotTrajFreq: no visible binding for global variable 'title'
    PlotTrajFreq: no visible global function definition for 'dev.off'
    ReadFiles: no visible global function definition for 'read.table'
    Undefined global functions or variables:
     box colorRampPalette dev.off grid legend par read.table slot title
    Consider adding
     importFrom("grDevices", "colorRampPalette", "dev.off")
     importFrom("graphics", "box", "grid", "legend", "par", "title")
     importFrom("methods", "slot")
     importFrom("utils", "read.table")
    to your NAMESPACE file (and ensure that your DESCRIPTION Imports field
    contains 'methods').
Flavors: r-devel-linux-x86_64-debian-clang, r-devel-linux-x86_64-debian-gcc, r-devel-linux-x86_64-fedora-clang, r-devel-linux-x86_64-fedora-gcc, r-devel-windows-ix86+x86_64, r-patched-linux-x86_64, r-patched-solaris-x86, r-release-windows-ix86+x86_64, r-release-osx-x86_64, r-oldrel-windows-ix86+x86_64, r-oldrel-osx-x86_64

Version: 1.0
Check: whether package can be installed
Result: ERROR
    Installation failed.
Flavor: r-release-linux-x86_64