CRAN Package Check Results for Package openxlsx

Last updated on 2019-09-19 02:47:55 CEST.

Flavor Version Tinstall Tcheck Ttotal Status Flags
r-devel-linux-x86_64-debian-clang 4.1.0.1 93.00 95.17 188.17 NOTE
r-devel-linux-x86_64-debian-gcc 4.1.0.1 87.14 75.15 162.29 NOTE
r-devel-linux-x86_64-fedora-clang 4.1.0.1 273.92 NOTE
r-devel-linux-x86_64-fedora-gcc 4.1.0.1 268.78 NOTE
r-devel-windows-ix86+x86_64 4.1.0.1 204.00 210.00 414.00 OK
r-patched-linux-x86_64 4.1.0.1 94.69 96.11 190.80 OK
r-patched-solaris-x86 4.1.0.1 266.30 OK
r-release-linux-x86_64 4.1.0.1 87.39 95.94 183.33 OK
r-release-windows-ix86+x86_64 4.1.0.1 164.00 231.00 395.00 OK
r-release-osx-x86_64 4.1.0.1 NOTE
r-oldrel-windows-ix86+x86_64 4.1.0.1 162.00 196.00 358.00 OK
r-oldrel-osx-x86_64 4.1.0.1 NOTE

Check Details

Version: 4.1.0.1
Check: for non-standard things in the check directory
Result: NOTE
    Found the following files/directories:
     'addFilterExample.xlsx' 'addStyleExample.xlsx'
     'addWorksheetExample.xlsx' 'conditionalFormattingExample.xlsx'
     'createCommentExample.xlsx' 'createWorkbookExample.xlsx'
     'dataValidationExample.xlsx' 'databarExample.xlsx'
     'deleteDataExample.xlsx' 'freezePaneExample.xlsx'
     'getDateOriginExample.xlsx' 'insertImageExample.xlsx'
     'internalHyperlinks.xlsx' 'loadExample.xlsx' 'mergeCellsExample.xlsx'
     'modifyBaseFontExample.xlsx' 'pageBreakExample.xlsx'
     'pageSetupExample.xlsx' 'removeColWidthsExample.xlsx'
     'removeFilterExample.xlsx' 'removeRowHeightsExample.xlsx'
     'removeTableExample.xlsx' 'removeWorksheetExample.xlsx'
     'renameWorksheetExample.xlsx' 'replaceStyleExample.xlsx'
     'saveWorkbookExample.xlsx' 'setColWidthsExample.xlsx'
     'setHeaderFooterExample.xlsx' 'setRowHeightsExample.xlsx'
     'showGridLinesExample.xlsx' 'tableStylesGallery.xlsx'
     'worksheetOrderExample.xlsx' 'worksheetOrderExample2.xlsx'
     'writeCommentExample.xlsx' 'writeDataExample.xlsx'
     'writeDataTableExample.xlsx' 'writeFormulaExample.xlsx'
     'writeFormulaHyperlinkExample.xlsx' 'writeList1.xlsx'
     'writeList2.xlsx' 'writeXLSX1.xlsx' 'writeXLSX2.xlsx'
     'writeXLSX3.xlsx'
Flavors: r-devel-linux-x86_64-debian-clang, r-devel-linux-x86_64-debian-gcc, r-devel-linux-x86_64-fedora-clang, r-devel-linux-x86_64-fedora-gcc

Version: 4.1.0.1
Check: installed package size
Result: NOTE
     installed size is 7.4Mb
     sub-directories of 1Mb or more:
     libs 5.5Mb
Flavors: r-devel-linux-x86_64-fedora-clang, r-release-osx-x86_64, r-oldrel-osx-x86_64