CRAN Package Check Results for Package openxlsx

Last updated on 2019-06-26 09:49:24 CEST.

Flavor Version Tinstall Tcheck Ttotal Status Flags
r-devel-linux-x86_64-debian-clang 4.1.0.1 92.96 97.19 190.15 NOTE
r-devel-linux-x86_64-debian-gcc 4.1.0.1 86.28 76.32 162.60 NOTE
r-devel-linux-x86_64-fedora-clang 4.1.0.1 267.63 NOTE
r-devel-linux-x86_64-fedora-gcc 4.1.0.1 245.81 NOTE
r-devel-windows-ix86+x86_64 4.1.0.1 223.00 216.00 439.00 OK
r-patched-linux-x86_64 4.1.0.1 100.50 96.08 196.58 OK
r-patched-solaris-x86 4.1.0.1 282.10 OK
r-release-linux-x86_64 4.1.0.1 96.95 97.29 194.24 OK
r-release-windows-ix86+x86_64 4.1.0.1 161.00 281.00 442.00 OK
r-release-osx-x86_64 4.1.0.1 NOTE
r-oldrel-windows-ix86+x86_64 4.1.0.1 159.00 191.00 350.00 OK
r-oldrel-osx-x86_64 4.1.0.1 NOTE

Check Details

Version: 4.1.0.1
Check: for non-standard things in the check directory
Result: NOTE
    Found the following files/directories:
     'addFilterExample.xlsx' 'addStyleExample.xlsx'
     'addWorksheetExample.xlsx' 'conditionalFormattingExample.xlsx'
     'createCommentExample.xlsx' 'createWorkbookExample.xlsx'
     'dataValidationExample.xlsx' 'databarExample.xlsx'
     'deleteDataExample.xlsx' 'freezePaneExample.xlsx'
     'getDateOriginExample.xlsx' 'insertImageExample.xlsx'
     'internalHyperlinks.xlsx' 'loadExample.xlsx' 'mergeCellsExample.xlsx'
     'modifyBaseFontExample.xlsx' 'pageBreakExample.xlsx'
     'pageSetupExample.xlsx' 'removeColWidthsExample.xlsx'
     'removeFilterExample.xlsx' 'removeRowHeightsExample.xlsx'
     'removeTableExample.xlsx' 'removeWorksheetExample.xlsx'
     'renameWorksheetExample.xlsx' 'replaceStyleExample.xlsx'
     'saveWorkbookExample.xlsx' 'setColWidthsExample.xlsx'
     'setHeaderFooterExample.xlsx' 'setRowHeightsExample.xlsx'
     'showGridLinesExample.xlsx' 'tableStylesGallery.xlsx'
     'worksheetOrderExample.xlsx' 'worksheetOrderExample2.xlsx'
     'writeCommentExample.xlsx' 'writeDataExample.xlsx'
     'writeDataTableExample.xlsx' 'writeFormulaExample.xlsx'
     'writeFormulaHyperlinkExample.xlsx' 'writeList1.xlsx'
     'writeList2.xlsx' 'writeXLSX1.xlsx' 'writeXLSX2.xlsx'
     'writeXLSX3.xlsx'
Flavors: r-devel-linux-x86_64-debian-clang, r-devel-linux-x86_64-debian-gcc, r-devel-linux-x86_64-fedora-clang, r-devel-linux-x86_64-fedora-gcc

Version: 4.1.0.1
Check: installed package size
Result: NOTE
     installed size is 6.7Mb
     sub-directories of 1Mb or more:
     libs 4.8Mb
Flavors: r-devel-linux-x86_64-fedora-clang, r-release-osx-x86_64, r-oldrel-osx-x86_64