Last updated on 2023-06-03 09:56:07 CEST.
Flavor | Version | Tinstall | Tcheck | Ttotal | Status | Flags |
---|---|---|---|---|---|---|
r-devel-linux-x86_64-debian-clang | 4.2.5.2 | 141.03 | 139.17 | 280.20 | OK | |
r-devel-linux-x86_64-debian-gcc | 4.2.5.2 | 105.50 | 104.95 | 210.45 | OK | |
r-devel-linux-x86_64-fedora-clang | 4.2.5.2 | 378.05 | OK | |||
r-devel-linux-x86_64-fedora-gcc | 4.2.5.2 | 371.46 | OK | |||
r-devel-windows-x86_64 | 4.2.5.2 | 106.00 | 159.00 | 265.00 | OK | |
r-patched-linux-x86_64 | 4.2.5.2 | OK | ||||
r-release-linux-x86_64 | 4.2.5.2 | 118.61 | 131.89 | 250.50 | OK | |
r-release-macos-arm64 | 4.2.5.2 | 109.00 | NOTE | |||
r-release-macos-x86_64 | 4.2.5.2 | 185.00 | NOTE | |||
r-release-windows-x86_64 | 4.2.5.2 | 138.00 | 195.00 | 333.00 | OK | |
r-oldrel-macos-arm64 | 4.2.5.2 | 96.00 | NOTE | |||
r-oldrel-macos-x86_64 | 4.2.5.2 | 146.00 | NOTE | |||
r-oldrel-windows-x86_64 | 4.2.5.2 | 153.00 | 169.00 | 322.00 | OK |
Version: 4.2.5.2
Check: installed package size
Result: NOTE
installed size is 7.1Mb
sub-directories of 1Mb or more:
extdata 1.1Mb
libs 4.9Mb
Flavors: r-release-macos-arm64, r-release-macos-x86_64, r-oldrel-macos-arm64, r-oldrel-macos-x86_64