CRAN Package Check Results for Package openxlsx

Last updated on 2022-10-05 00:52:48 CEST.

Flavor Version Tinstall Tcheck Ttotal Status Flags
r-devel-linux-x86_64-debian-clang 4.2.5 123.89 139.58 263.47 WARN
r-devel-linux-x86_64-debian-gcc 4.2.5 101.39 102.26 203.65 OK
r-devel-linux-x86_64-fedora-clang 4.2.5 368.91 WARN
r-devel-linux-x86_64-fedora-gcc 4.2.5 367.03 OK
r-devel-windows-x86_64 4.2.5 183.00 251.00 434.00 OK
r-patched-linux-x86_64 4.2.5 111.37 130.59 241.96 OK
r-release-linux-x86_64 4.2.5 113.74 127.33 241.07 OK
r-release-macos-arm64 4.2.5 94.00 NOTE
r-release-macos-x86_64 4.2.5 133.00 NOTE
r-release-windows-x86_64 4.2.5 176.00 230.00 406.00 OK
r-oldrel-macos-arm64 4.2.5 90.00 NOTE
r-oldrel-macos-x86_64 4.2.5 138.00 NOTE
r-oldrel-windows-ix86+x86_64 4.2.5 269.00 264.00 533.00 OK

Additional issues

clang14 clang15 clang15 M1mac

Check Details

Version: 4.2.5
Check: whether package can be installed
Result: WARN
    Found the following significant warnings:
     load_workbook.cpp:122:15: warning: use of bitwise '|' with boolean operands [-Wbitwise-instead-of-logical]
     load_workbook.cpp:142:17: warning: use of bitwise '&' with boolean operands [-Wbitwise-instead-of-logical]
     read_workbook.cpp:553:37: warning: format specifies type 'unsigned short' but the argument has type 'int' [-Wformat]
     read_workbook.cpp:563:39: warning: format specifies type 'unsigned short' but the argument has type 'int' [-Wformat]
     read_workbook.cpp:623:35: warning: format specifies type 'unsigned short' but the argument has type 'int' [-Wformat]
     read_workbook.cpp:640:6: warning: use of bitwise '|' with boolean operands [-Wbitwise-instead-of-logical]
     write_data.cpp:106:8: warning: use of bitwise '|' with boolean operands [-Wbitwise-instead-of-logical]
     write_data.cpp:137:8: warning: use of bitwise '|' with boolean operands [-Wbitwise-instead-of-logical]
     write_file.cpp:251:14: warning: use of bitwise '&' with boolean operands [-Wbitwise-instead-of-logical]
Flavor: r-devel-linux-x86_64-debian-clang

Version: 4.2.5
Check: whether package can be installed
Result: WARN
    Found the following significant warnings:
     read_workbook.cpp:553:37: warning: format specifies type 'unsigned short' but the argument has type 'int' [-Wformat]
     read_workbook.cpp:563:39: warning: format specifies type 'unsigned short' but the argument has type 'int' [-Wformat]
     read_workbook.cpp:623:35: warning: format specifies type 'unsigned short' but the argument has type 'int' [-Wformat]
     read_workbook.cpp:640:6: warning: use of bitwise '|' with boolean operands [-Wbitwise-instead-of-logical]
     load_workbook.cpp:122:15: warning: use of bitwise '|' with boolean operands [-Wbitwise-instead-of-logical]
     load_workbook.cpp:142:17: warning: use of bitwise '&' with boolean operands [-Wbitwise-instead-of-logical]
     write_data.cpp:106:8: warning: use of bitwise '|' with boolean operands [-Wbitwise-instead-of-logical]
     write_data.cpp:137:8: warning: use of bitwise '|' with boolean operands [-Wbitwise-instead-of-logical]
     write_file.cpp:251:14: warning: use of bitwise '&' with boolean operands [-Wbitwise-instead-of-logical]
Flavor: r-devel-linux-x86_64-fedora-clang

Version: 4.2.5
Check: installed package size
Result: NOTE
     installed size is 7.0Mb
     sub-directories of 1Mb or more:
     extdata 1.1Mb
     libs 4.7Mb
Flavors: r-release-macos-arm64, r-release-macos-x86_64, r-oldrel-macos-arm64, r-oldrel-macos-x86_64