CRAN Package Check Results for Package optbdmaeAT

Last updated on 2019-10-15 15:47:44 CEST.

Flavor Version Tinstall Tcheck Ttotal Status Flags
r-devel-linux-x86_64-debian-clang 1.0.1 9.30 61.36 70.66 NOTE
r-devel-linux-x86_64-debian-gcc 1.0.1 7.64 50.35 57.99 NOTE
r-devel-linux-x86_64-fedora-clang 1.0.1 89.11 NOTE
r-devel-linux-x86_64-fedora-gcc 1.0.1 88.92 NOTE
r-devel-windows-ix86+x86_64 1.0.1 16.00 99.00 115.00 OK
r-patched-linux-x86_64 1.0.1 9.78 61.15 70.93 OK
r-patched-solaris-x86 1.0.1 143.80 OK
r-release-linux-x86_64 1.0.1 9.20 62.72 71.92 OK
r-release-windows-ix86+x86_64 1.0.1 22.00 69.00 91.00 OK
r-release-osx-x86_64 1.0.1 FAIL
r-oldrel-windows-ix86+x86_64 1.0.1 11.00 72.00 83.00 OK
r-oldrel-osx-x86_64 1.0.1 OK

Check Details

Version: 1.0.1
Check: for non-standard things in the check directory
Result: NOTE
    Found the following files/directories:
     'Graph_layout_Doptbd_trtE'
Flavors: r-devel-linux-x86_64-debian-clang, r-devel-linux-x86_64-debian-gcc, r-devel-linux-x86_64-fedora-clang, r-devel-linux-x86_64-fedora-gcc

Version: 1.0.1
Check: whether package can be installed
Result: FAIL
    
Flavor: r-release-osx-x86_64