CRAN Package Check Results for Package optbdmaeAT

Last updated on 2020-02-19 04:50:05 CET.

Flavor Version Tinstall Tcheck Ttotal Status Flags
r-devel-linux-x86_64-debian-clang 1.0.1 11.31 69.40 80.71 NOTE
r-devel-linux-x86_64-debian-gcc 1.0.1 8.60 54.92 63.52 NOTE
r-devel-linux-x86_64-fedora-clang 1.0.1 97.31 NOTE
r-devel-linux-x86_64-fedora-gcc 1.0.1 97.51 NOTE
r-devel-windows-ix86+x86_64 1.0.1 16.00 74.00 90.00 OK
r-devel-windows-ix86+x86_64-gcc8 1.0.1 24.00 101.00 125.00 OK
r-patched-linux-x86_64 1.0.1 9.34 61.59 70.93 OK
r-patched-solaris-x86 1.0.1 141.50 OK
r-release-linux-x86_64 1.0.1 9.88 61.65 71.53 OK
r-release-windows-ix86+x86_64 1.0.1 15.00 66.00 81.00 OK
r-release-osx-x86_64 1.0.1 FAIL
r-oldrel-windows-ix86+x86_64 1.0.1 10.00 69.00 79.00 OK
r-oldrel-osx-x86_64 1.0.1 OK

Check Details

Version: 1.0.1
Check: for non-standard things in the check directory
Result: NOTE
    Found the following files/directories:
     'Graph_layout_Doptbd_trtE'
Flavors: r-devel-linux-x86_64-debian-clang, r-devel-linux-x86_64-debian-gcc, r-devel-linux-x86_64-fedora-clang, r-devel-linux-x86_64-fedora-gcc

Version: 1.0.1
Check: whether package can be installed
Result: FAIL
Flavor: r-release-osx-x86_64