CRAN Package Check Results for Package optiSolve

Last updated on 2019-12-10 16:47:55 CET.

Flavor Version Tinstall Tcheck Ttotal Status Flags
r-devel-linux-x86_64-debian-clang 0.1 8.78 90.77 99.55 OK
r-devel-linux-x86_64-debian-gcc 0.1 8.84 70.60 79.44 OK
r-devel-linux-x86_64-fedora-clang 0.1 119.35 OK
r-devel-linux-x86_64-fedora-gcc 0.1 116.89 OK
r-devel-windows-ix86+x86_64 0.1 23.00 136.00 159.00 OK
r-devel-windows-ix86+x86_64-gcc8 0.1 28.00 142.00 170.00 OK
r-patched-linux-x86_64 0.1 9.03 83.53 92.56 OK
r-patched-solaris-x86 0.1 279.80 OK
r-release-linux-x86_64 0.1 9.27 84.05 93.32 OK
r-release-windows-ix86+x86_64 0.1 16.00 99.00 115.00 OK
r-release-osx-x86_64 0.1 WARN
r-oldrel-windows-ix86+x86_64 0.1 10.00 96.00 106.00 OK
r-oldrel-osx-x86_64 0.1 OK

Check Details

Version: 0.1
Check: whether package can be installed
Result: WARN
    Found the following significant warnings:
     Warning: 'rgl_init' failed, running with rgl.useNULL = TRUE
Flavor: r-release-osx-x86_64