CRAN Package Check Results for Package optiSolve

Last updated on 2019-08-20 16:48:09 CEST.

Flavor Version Tinstall Tcheck Ttotal Status Flags
r-devel-linux-x86_64-debian-clang 0.1 8.93 84.55 93.48 OK
r-devel-linux-x86_64-debian-gcc 0.1 7.91 67.35 75.26 OK
r-devel-linux-x86_64-fedora-clang 0.1 110.28 OK
r-devel-linux-x86_64-fedora-gcc 0.1 112.87 OK
r-devel-windows-ix86+x86_64 0.1 26.00 110.00 136.00 OK
r-patched-linux-x86_64 0.1 7.49 83.20 90.69 OK
r-patched-solaris-x86 0.1 283.70 OK
r-release-linux-x86_64 0.1 9.18 82.92 92.10 OK
r-release-windows-ix86+x86_64 0.1 15.00 93.00 108.00 OK
r-release-osx-x86_64 0.1 WARN
r-oldrel-windows-ix86+x86_64 0.1 15.00 122.00 137.00 OK
r-oldrel-osx-x86_64 0.1 OK

Check Details

Version: 0.1
Check: whether package can be installed
Result: WARN
    Found the following significant warnings:
     Warning: 'rgl_init' failed, running with rgl.useNULL = TRUE
Flavor: r-release-osx-x86_64