CRAN Package Check Results for Package optimus

Last updated on 2022-01-25 05:54:50 CET.

Flavor Version Tinstall Tcheck Ttotal Status Flags
r-devel-linux-x86_64-debian-clang 0.2.0 2.69 220.62 223.31 OK
r-devel-linux-x86_64-debian-gcc 0.2.0 2.32 154.81 157.13 OK
r-devel-linux-x86_64-fedora-clang 0.2.0 264.74 NOTE
r-devel-linux-x86_64-fedora-gcc 0.2.0 265.60 NOTE
r-devel-windows-x86_64-new-UL 0.2.0 31.00 240.00 271.00 OK
r-devel-windows-x86_64-new-TK 0.2.0 NOTE
r-patched-linux-x86_64 0.2.0 2.45 211.72 214.17 OK
r-release-linux-x86_64 0.2.0 2.95 211.41 214.36 OK
r-release-macos-arm64 0.2.0 NOTE
r-release-macos-x86_64 0.2.0 NOTE
r-release-windows-ix86+x86_64 0.2.0 6.00 244.00 250.00 OK
r-oldrel-macos-x86_64 0.2.0 NOTE
r-oldrel-windows-ix86+x86_64 0.2.0 6.00 241.00 247.00 OK

Check Details

Version: 0.2.0
Check: dependencies in R code
Result: NOTE
    Namespace in Imports field not imported from: ‘methods’
     All declared Imports should be used.
Flavors: r-devel-linux-x86_64-fedora-clang, r-devel-linux-x86_64-fedora-gcc, r-devel-windows-x86_64-new-TK, r-release-macos-arm64, r-release-macos-x86_64, r-oldrel-macos-x86_64