CRAN Package Check Results for Package optimus

Last updated on 2020-05-28 17:50:13 CEST.

Flavor Version Tinstall Tcheck Ttotal Status Flags
r-devel-linux-x86_64-debian-clang 0.2.0 2.88 205.85 208.73 OK
r-devel-linux-x86_64-debian-gcc 0.2.0 2.48 151.09 153.57 OK
r-devel-linux-x86_64-fedora-clang 0.2.0 248.86 NOTE
r-devel-linux-x86_64-fedora-gcc 0.2.0 250.29 NOTE
r-devel-windows-ix86+x86_64 0.2.0 11.00 200.00 211.00 OK
r-patched-linux-x86_64 0.2.0 2.42 206.62 209.04 OK
r-patched-solaris-x86 0.2.0 387.20 NOTE
r-release-linux-x86_64 0.2.0 2.88 212.27 215.15 OK
r-release-osx-x86_64 0.2.0 NOTE
r-release-windows-ix86+x86_64 0.2.0 7.00 307.00 314.00 OK
r-oldrel-osx-x86_64 0.2.0 NOTE
r-oldrel-windows-ix86+x86_64 0.2.0 7.00 200.00 207.00 OK

Check Details

Version: 0.2.0
Check: dependencies in R code
Result: NOTE
    Namespace in Imports field not imported from: ‘methods’
     All declared Imports should be used.
Flavors: r-devel-linux-x86_64-fedora-clang, r-devel-linux-x86_64-fedora-gcc, r-patched-solaris-x86, r-release-osx-x86_64, r-oldrel-osx-x86_64