CRAN Package Check Results for Package optional

Last updated on 2020-04-03 21:47:30 CEST.

Flavor Version Tinstall Tcheck Ttotal Status Flags
r-devel-linux-x86_64-debian-clang 2.0 1.98 22.75 24.73 NOTE
r-devel-linux-x86_64-debian-gcc 2.0 1.60 18.18 19.78 NOTE
r-devel-linux-x86_64-fedora-clang 2.0 30.65 OK
r-devel-linux-x86_64-fedora-gcc 2.0 30.13 OK
r-devel-windows-ix86+x86_64 2.0 7.00 31.00 38.00 NOTE
r-devel-windows-ix86+x86_64-gcc8 2.0 6.00 35.00 41.00 NOTE
r-patched-linux-x86_64 2.0 1.90 22.27 24.17 NOTE
r-patched-solaris-x86 2.0 47.70 OK
r-release-linux-x86_64 2.0 1.34 21.29 22.63 OK
r-release-windows-ix86+x86_64 2.0 4.00 36.00 40.00 OK
r-release-osx-x86_64 2.0 OK
r-oldrel-windows-ix86+x86_64 2.0 4.00 34.00 38.00 OK
r-oldrel-osx-x86_64 2.0 OK

Check Details

Version: 2.0
Check: package vignettes
Result: NOTE
    Package vignette with placeholder title 'Vignette Title':
     'UserGuide.Rmd'
Flavors: r-devel-linux-x86_64-debian-clang, r-devel-linux-x86_64-debian-gcc, r-devel-windows-ix86+x86_64, r-devel-windows-ix86+x86_64-gcc8, r-patched-linux-x86_64