CRAN Package Check Results for Package optional

Last updated on 2021-04-13 17:47:50 CEST.

Flavor Version Tinstall Tcheck Ttotal Status Flags
r-devel-linux-x86_64-debian-clang 2.0 2.09 24.85 26.94 NOTE
r-devel-linux-x86_64-debian-gcc 2.0 1.43 19.88 21.31 NOTE
r-devel-linux-x86_64-fedora-clang 2.0 42.36 OK
r-devel-linux-x86_64-fedora-gcc 2.0 34.20 OK
r-devel-windows-ix86+x86_64 2.0 5.00 39.00 44.00 NOTE
r-devel-windows-x86_64-gcc10-UCRT 2.0 OK
r-patched-linux-x86_64 2.0 2.05 24.08 26.13 NOTE
r-patched-solaris-x86 2.0 50.80 OK
r-release-linux-x86_64 2.0 1.94 24.06 26.00 NOTE
r-release-macos-x86_64 2.0 OK
r-release-windows-ix86+x86_64 2.0 5.00 41.00 46.00 NOTE
r-oldrel-macos-x86_64 2.0 OK
r-oldrel-windows-ix86+x86_64 2.0 4.00 29.00 33.00 OK

Check Details

Version: 2.0
Check: package vignettes
Result: NOTE
    Package vignette with placeholder title 'Vignette Title':
     'UserGuide.Rmd'
Flavors: r-devel-linux-x86_64-debian-clang, r-devel-linux-x86_64-debian-gcc, r-devel-windows-ix86+x86_64, r-patched-linux-x86_64, r-release-linux-x86_64, r-release-windows-ix86+x86_64