Last updated on 2023-06-07 15:56:42 CEST.
Flavor | Version | Tinstall | Tcheck | Ttotal | Status | Flags |
---|---|---|---|---|---|---|
r-devel-linux-x86_64-debian-clang | 0.0.1 | 2.20 | 33.05 | 35.25 | NOTE | |
r-devel-linux-x86_64-debian-gcc | 0.0.1 | 2.23 | 25.91 | 28.14 | NOTE | |
r-devel-linux-x86_64-fedora-clang | 0.0.1 | 45.79 | NOTE | |||
r-devel-linux-x86_64-fedora-gcc | 0.0.1 | 54.42 | NOTE | |||
r-devel-windows-x86_64 | 0.0.1 | 7.00 | 53.00 | 60.00 | NOTE | |
r-patched-linux-x86_64 | 0.0.1 | 3.57 | 32.08 | 35.65 | NOTE | |
r-release-linux-x86_64 | 0.0.1 | 2.24 | 32.04 | 34.28 | NOTE | |
r-release-macos-arm64 | 0.0.1 | 25.00 | NOTE | |||
r-release-macos-x86_64 | 0.0.1 | 38.00 | NOTE | |||
r-release-windows-x86_64 | 0.0.1 | 5.00 | 53.00 | 58.00 | NOTE | |
r-oldrel-macos-arm64 | 0.0.1 | 23.00 | OK | |||
r-oldrel-macos-x86_64 | 0.0.1 | 26.00 | OK | |||
r-oldrel-windows-x86_64 | 0.0.1 | 4.00 | 54.00 | 58.00 | OK |
Version: 0.0.1
Check: Rd \usage sections
Result: NOTE
S3 methods shown with full name in documentation object ‘format_value’:
‘format_value.default’
The \usage entries for S3 methods should use the \method markup and not
their full name.
See chapter ‘Writing R documentation files’ in the ‘Writing R
Extensions’ manual.
Flavors: r-devel-linux-x86_64-debian-clang, r-devel-linux-x86_64-debian-gcc, r-devel-linux-x86_64-fedora-clang, r-devel-linux-x86_64-fedora-gcc, r-devel-windows-x86_64, r-patched-linux-x86_64, r-release-linux-x86_64, r-release-macos-arm64, r-release-macos-x86_64, r-release-windows-x86_64