Last updated on 2023-09-21 14:54:53 CEST.
Flavor | Version | Tinstall | Tcheck | Ttotal | Status | Flags |
---|---|---|---|---|---|---|
r-devel-linux-x86_64-debian-clang | 1.4.1 | 3.81 | 31.52 | 35.33 | NOTE | |
r-devel-linux-x86_64-debian-gcc | 1.4.1 | 2.51 | 24.20 | 26.71 | NOTE | |
r-devel-linux-x86_64-fedora-clang | 1.4.1 | 43.54 | NOTE | |||
r-devel-linux-x86_64-fedora-gcc | 1.4.1 | 54.14 | NOTE | |||
r-devel-windows-x86_64 | 1.4.1 | 6.00 | 51.00 | 57.00 | NOTE | |
r-patched-linux-x86_64 | 1.4.1 | 3.84 | 30.59 | 34.43 | NOTE | |
r-release-linux-x86_64 | 1.4.1 | 2.50 | 30.49 | 32.99 | NOTE | |
r-release-macos-arm64 | 1.4.1 | 25.00 | NOTE | |||
r-release-macos-x86_64 | 1.4.1 | 34.00 | NOTE | |||
r-release-windows-x86_64 | 1.4.1 | 6.00 | 53.00 | 59.00 | NOTE | |
r-oldrel-macos-arm64 | 1.4.1 | 19.00 | NOTE | |||
r-oldrel-macos-x86_64 | 1.4.1 | 25.00 | NOTE | |||
r-oldrel-windows-x86_64 | 1.4.1 | 7.00 | 50.00 | 57.00 | NOTE |
Version: 1.4.1
Check: LazyData
Result: NOTE
'LazyData' is specified without a 'data' directory
Flavors: r-devel-linux-x86_64-debian-clang, r-devel-linux-x86_64-debian-gcc, r-devel-linux-x86_64-fedora-clang, r-devel-linux-x86_64-fedora-gcc, r-devel-windows-x86_64, r-patched-linux-x86_64, r-release-linux-x86_64, r-release-macos-arm64, r-release-macos-x86_64, r-release-windows-x86_64, r-oldrel-macos-arm64, r-oldrel-macos-x86_64, r-oldrel-windows-x86_64