CRAN Package Check Results for Package optiscale

Last updated on 2019-06-16 20:47:10 CEST.

Flavor Version Tinstall Tcheck Ttotal Status Flags
r-devel-linux-x86_64-debian-clang 1.1 2.05 20.26 22.31 NOTE
r-devel-linux-x86_64-debian-gcc 1.1 1.67 16.77 18.44 NOTE
r-devel-linux-x86_64-fedora-clang 1.1 27.38 NOTE
r-devel-linux-x86_64-fedora-gcc 1.1 26.08 NOTE
r-devel-windows-ix86+x86_64 1.1 8.00 35.00 43.00 NOTE
r-patched-linux-x86_64 1.1 2.12 20.21 22.33 NOTE
r-patched-solaris-x86 1.1 41.70 NOTE
r-release-linux-x86_64 1.1 1.73 20.35 22.08 NOTE
r-release-windows-ix86+x86_64 1.1 5.00 44.00 49.00 NOTE
r-release-osx-x86_64 1.1 NOTE
r-oldrel-windows-ix86+x86_64 1.1 3.00 46.00 49.00 NOTE
r-oldrel-osx-x86_64 1.1 NOTE

Check Details

Version: 1.1
Check: DESCRIPTION meta-information
Result: NOTE
    Malformed Description field: should contain one or more complete sentences.
Flavors: r-devel-linux-x86_64-debian-clang, r-devel-linux-x86_64-debian-gcc, r-devel-linux-x86_64-fedora-clang, r-devel-linux-x86_64-fedora-gcc, r-devel-windows-ix86+x86_64, r-patched-linux-x86_64, r-patched-solaris-x86, r-release-linux-x86_64, r-release-windows-ix86+x86_64, r-release-osx-x86_64, r-oldrel-windows-ix86+x86_64, r-oldrel-osx-x86_64

Version: 1.1
Check: R code for possible problems
Result: NOTE
    calc.stress: no visible global function definition for 'sd'
    opscale: no visible global function definition for 'sd'
    Undefined global functions or variables:
     sd
    Consider adding
     importFrom("stats", "sd")
    to your NAMESPACE file.
Flavors: r-devel-linux-x86_64-debian-clang, r-devel-linux-x86_64-debian-gcc, r-devel-linux-x86_64-fedora-clang, r-devel-linux-x86_64-fedora-gcc, r-devel-windows-ix86+x86_64, r-patched-linux-x86_64, r-patched-solaris-x86, r-release-linux-x86_64, r-release-windows-ix86+x86_64, r-release-osx-x86_64, r-oldrel-windows-ix86+x86_64, r-oldrel-osx-x86_64