CRAN Package Check Results for Package optistock

Last updated on 2022-05-21 22:58:20 CEST.

Flavor Version Tinstall Tcheck Ttotal Status Flags
r-devel-linux-x86_64-debian-clang 0.0.1 1.63 38.63 40.26 OK
r-devel-linux-x86_64-debian-gcc 0.0.1 1.97 30.14 32.11 OK
r-devel-linux-x86_64-fedora-clang 0.0.1 52.18 NOTE
r-devel-linux-x86_64-fedora-gcc 0.0.1 48.07 OK
r-devel-windows-x86_64 0.0.1 27.00 63.00 90.00 OK
r-patched-linux-x86_64 0.0.1 2.11 37.24 39.35 OK
r-release-linux-x86_64 0.0.1 1.99 37.82 39.81 OK
r-release-macos-arm64 0.0.1 19.00 OK
r-release-macos-x86_64 0.0.1 25.00 OK
r-release-windows-x86_64 0.0.1 36.00 62.00 98.00 OK
r-oldrel-macos-arm64 0.0.1 20.00 OK
r-oldrel-macos-x86_64 0.0.1 26.00 OK
r-oldrel-windows-ix86+x86_64 0.0.1 6.00 52.00 58.00 OK

Check Details

Version: 0.0.1
Check: Rd cross-references
Result: NOTE
    Undeclared package ‘tibble’ in Rd xrefs
Flavor: r-devel-linux-x86_64-fedora-clang