Last updated on 2023-03-30 07:54:07 CEST.
Flavor | Version | Tinstall | Tcheck | Ttotal | Status | Flags |
---|---|---|---|---|---|---|
r-devel-linux-x86_64-debian-clang | 0.10.6 | 55.99 | 250.41 | 306.40 | NOTE | |
r-devel-linux-x86_64-debian-gcc | 0.10.6 | 40.16 | 186.27 | 226.43 | NOTE | |
r-devel-linux-x86_64-fedora-clang | 0.10.6 | 386.15 | NOTE | |||
r-devel-linux-x86_64-fedora-gcc | 0.10.6 | 405.67 | NOTE | |||
r-devel-windows-x86_64 | 0.10.6 | 154.00 | 0.00 | 154.00 | NOTE | |
r-patched-linux-x86_64 | 0.10.6 | 47.79 | 236.00 | 283.79 | NOTE | |
r-release-linux-x86_64 | 0.10.6 | 46.26 | 237.93 | 284.19 | NOTE | |
r-release-macos-arm64 | 0.10.6 | 108.00 | NOTE | |||
r-release-macos-x86_64 | 0.10.6 | 157.00 | NOTE | |||
r-release-windows-x86_64 | 0.10.6 | 133.00 | 297.00 | 430.00 | NOTE | |
r-oldrel-macos-arm64 | 0.10.6 | 103.00 | NOTE | |||
r-oldrel-macos-x86_64 | 0.10.6 | 158.00 | NOTE | |||
r-oldrel-windows-ix86+x86_64 | 0.10.6 | 119.00 | 458.00 | 577.00 | NOTE |
Version: 0.10.6
Check: package dependencies
Result: NOTE
Package suggested but not available for checking: ‘rrelaxiv’
Flavors: r-devel-linux-x86_64-debian-clang, r-devel-linux-x86_64-debian-gcc, r-devel-linux-x86_64-fedora-clang, r-devel-linux-x86_64-fedora-gcc, r-devel-windows-x86_64, r-patched-linux-x86_64, r-release-linux-x86_64, r-release-macos-arm64, r-release-macos-x86_64, r-release-windows-x86_64, r-oldrel-macos-arm64, r-oldrel-macos-x86_64, r-oldrel-windows-ix86+x86_64
Version: 0.10.6
Check: installed package size
Result: NOTE
installed size is 5.0Mb
sub-directories of 1Mb or more:
doc 2.0Mb
libs 2.1Mb
Flavor: r-oldrel-windows-ix86+x86_64