CRAN Package Check Results for Package optmatch

Last updated on 2022-11-29 17:52:12 CET.

Flavor Version Tinstall Tcheck Ttotal Status Flags
r-devel-linux-x86_64-debian-clang 0.10.5 47.34 150.77 198.11 NOTE
r-devel-linux-x86_64-debian-gcc 0.10.5 34.92 112.29 147.21 NOTE
r-devel-linux-x86_64-fedora-clang 0.10.5 268.31 NOTE
r-devel-linux-x86_64-fedora-gcc 0.10.5 262.72 NOTE
r-devel-windows-x86_64 0.10.5 130.00 223.00 353.00 NOTE
r-patched-linux-x86_64 0.10.5 38.23 133.78 172.01 NOTE
r-release-linux-x86_64 0.10.5 39.92 134.32 174.24 NOTE
r-release-macos-arm64 0.10.5 58.00 NOTE
r-release-macos-x86_64 0.10.5 89.00 NOTE
r-release-windows-x86_64 0.10.5 122.00 217.00 339.00 NOTE
r-oldrel-macos-arm64 0.10.5 59.00 NOTE
r-oldrel-macos-x86_64 0.10.5 91.00 NOTE
r-oldrel-windows-ix86+x86_64 0.10.5 109.00 269.00 378.00 NOTE

Check Details

Version: 0.10.5
Check: package dependencies
Result: NOTE
    Package suggested but not available for checking: 'rrelaxiv'
Flavors: r-devel-linux-x86_64-debian-clang, r-devel-linux-x86_64-debian-gcc, r-devel-linux-x86_64-fedora-clang, r-devel-linux-x86_64-fedora-gcc, r-devel-windows-x86_64, r-patched-linux-x86_64, r-release-linux-x86_64, r-release-macos-arm64, r-release-macos-x86_64, r-release-windows-x86_64, r-oldrel-macos-arm64, r-oldrel-macos-x86_64, r-oldrel-windows-ix86+x86_64

Version: 0.10.5
Check: installed package size
Result: NOTE
     installed size is 5.2Mb
     sub-directories of 1Mb or more:
     doc 2.3Mb
     libs 2.1Mb
Flavor: r-oldrel-windows-ix86+x86_64