Last updated on 2025-06-23 04:50:34 CEST.
Flavor | Version | Tinstall | Tcheck | Ttotal | Status | Flags |
---|---|---|---|---|---|---|
r-devel-linux-x86_64-debian-clang | 0.10.8 | 38.75 | 208.44 | 247.19 | OK | |
r-devel-linux-x86_64-debian-gcc | 0.10.8 | 25.88 | 140.93 | 166.81 | OK | |
r-devel-linux-x86_64-fedora-clang | 0.10.8 | 417.36 | OK | |||
r-devel-linux-x86_64-fedora-gcc | 0.10.8 | 391.04 | OK | |||
r-devel-windows-x86_64 | 0.10.8 | 46.00 | 219.00 | 265.00 | OK | |
r-patched-linux-x86_64 | 0.10.8 | 36.87 | 200.50 | 237.37 | OK | |
r-release-linux-x86_64 | 0.10.8 | 37.30 | 198.38 | 235.68 | OK | |
r-release-macos-arm64 | 0.10.8 | 191.00 | OK | |||
r-release-macos-x86_64 | 0.10.8 | 216.00 | OK | |||
r-release-windows-x86_64 | 0.10.8 | 44.00 | 218.00 | 262.00 | OK | |
r-oldrel-macos-arm64 | 0.10.8 | 110.00 | NOTE | |||
r-oldrel-macos-x86_64 | 0.10.8 | 225.00 | NOTE | |||
r-oldrel-windows-x86_64 | 0.10.8 | 57.00 | 297.00 | 354.00 | NOTE |
Version: 0.10.8
Check: package dependencies
Result: NOTE
Package suggested but not available for checking: ‘rrelaxiv’
Flavors: r-oldrel-macos-arm64, r-oldrel-macos-x86_64, r-oldrel-windows-x86_64