Last updated on 2023-09-29 12:57:04 CEST.
Flavor | Version | Tinstall | Tcheck | Ttotal | Status | Flags |
---|---|---|---|---|---|---|
r-devel-linux-x86_64-debian-clang | 0.10.6 | 57.63 | 254.86 | 312.49 | NOTE | |
r-devel-linux-x86_64-debian-gcc | 0.10.6 | 40.91 | 190.20 | 231.11 | NOTE | |
r-devel-linux-x86_64-fedora-clang | 0.10.6 | 390.63 | NOTE | |||
r-devel-linux-x86_64-fedora-gcc | 0.10.6 | 410.35 | NOTE | |||
r-devel-windows-x86_64 | 0.10.6 | 46.00 | 207.00 | 253.00 | NOTE | |
r-patched-linux-x86_64 | 0.10.6 | 55.33 | 242.91 | 298.24 | NOTE | |
r-release-linux-x86_64 | 0.10.6 | 53.99 | 246.65 | 300.64 | NOTE | |
r-release-macos-arm64 | 0.10.6 | 114.00 | NOTE | |||
r-release-macos-x86_64 | 0.10.6 | 173.00 | NOTE | |||
r-release-windows-x86_64 | 0.10.6 | 62.00 | 280.00 | 342.00 | NOTE | |
r-oldrel-macos-arm64 | 0.10.6 | 108.00 | NOTE | |||
r-oldrel-macos-x86_64 | 0.10.6 | 157.00 | NOTE | |||
r-oldrel-windows-x86_64 | 0.10.6 | 61.00 | 251.00 | 312.00 | NOTE |
Version: 0.10.6
Check: package dependencies
Result: NOTE
Package suggested but not available for checking: ‘rrelaxiv’
Flavors: r-devel-linux-x86_64-debian-clang, r-devel-linux-x86_64-debian-gcc, r-devel-linux-x86_64-fedora-clang, r-devel-linux-x86_64-fedora-gcc, r-devel-windows-x86_64, r-patched-linux-x86_64, r-release-linux-x86_64, r-release-macos-arm64, r-release-macos-x86_64, r-release-windows-x86_64, r-oldrel-macos-arm64, r-oldrel-macos-x86_64, r-oldrel-windows-x86_64