CRAN Package Check Results for Package optmatch

Last updated on 2022-07-05 14:51:15 CEST.

Flavor Version Tinstall Tcheck Ttotal Status Flags
r-devel-linux-x86_64-debian-clang 0.10.3 47.42 132.26 179.68 NOTE
r-devel-linux-x86_64-debian-gcc 0.10.3 39.50 97.24 136.74 NOTE
r-devel-linux-x86_64-fedora-clang 0.10.3 233.98 NOTE
r-devel-linux-x86_64-fedora-gcc 0.10.3 237.81 NOTE
r-devel-windows-x86_64 0.10.3 111.00 180.00 291.00 NOTE
r-patched-linux-x86_64 0.10.3 42.75 123.16 165.91 NOTE
r-release-linux-x86_64 0.10.3 40.98 124.31 165.29 NOTE
r-release-macos-arm64 0.10.3 70.00 NOTE
r-release-macos-x86_64 0.10.3 90.00 NOTE
r-release-windows-x86_64 0.10.3 142.00 184.00 326.00 NOTE
r-oldrel-macos-arm64 0.10.3 63.00 NOTE
r-oldrel-macos-x86_64 0.10.3 88.00 NOTE
r-oldrel-windows-ix86+x86_64 0.10.3 112.00 246.00 358.00 NOTE

Check Details

Version: 0.10.3
Check: package dependencies
Result: NOTE
    Package suggested but not available for checking: 'rrelaxiv'
Flavors: r-devel-linux-x86_64-debian-clang, r-devel-linux-x86_64-debian-gcc, r-devel-linux-x86_64-fedora-clang, r-devel-linux-x86_64-fedora-gcc, r-devel-windows-x86_64, r-patched-linux-x86_64, r-release-linux-x86_64, r-release-macos-arm64, r-release-macos-x86_64, r-release-windows-x86_64, r-oldrel-macos-arm64, r-oldrel-macos-x86_64, r-oldrel-windows-ix86+x86_64

Version: 0.10.3
Check: Rd files
Result: NOTE
    checkRd: (-1) match_on-methods.Rd:149: Escaped LaTeX specials: \&
    checkRd: (-1) scores.Rd:29: Escaped LaTeX specials: \&
Flavors: r-devel-linux-x86_64-debian-clang, r-devel-linux-x86_64-debian-gcc, r-devel-linux-x86_64-fedora-clang, r-devel-linux-x86_64-fedora-gcc, r-devel-windows-x86_64

Version: 0.10.3
Check: installed package size
Result: NOTE
     installed size is 5.2Mb
     sub-directories of 1Mb or more:
     doc 2.3Mb
     libs 2.1Mb
Flavor: r-oldrel-windows-ix86+x86_64