CRAN Package Check Results for Package optmatch

Last updated on 2020-09-26 17:48:32 CEST.

Flavor Version Tinstall Tcheck Ttotal Status Flags
r-devel-linux-x86_64-debian-clang 0.9-13 54.67 166.60 221.27 OK
r-devel-linux-x86_64-debian-gcc 0.9-13 41.69 124.75 166.44 OK
r-devel-linux-x86_64-fedora-clang 0.9-13 294.13 OK
r-devel-linux-x86_64-fedora-gcc 0.9-13 273.52 OK
r-devel-windows-ix86+x86_64 0.9-13 129.00 299.00 428.00 NOTE
r-patched-linux-x86_64 0.9-13 45.25 157.22 202.47 OK
r-patched-solaris-x86 0.9-13 301.60 OK
r-release-linux-x86_64 0.9-13 45.74 158.37 204.11 OK
r-release-macos-x86_64 0.9-13 OK
r-release-windows-ix86+x86_64 0.9-13 106.00 301.00 407.00 OK
r-oldrel-macos-x86_64 0.9-13 OK
r-oldrel-windows-ix86+x86_64 0.9-13 118.00 272.00 390.00 OK

Check Details

Version: 0.9-13
Check: package dependencies
Result: NOTE
    Package suggested but not available for checking: 'brglm'
Flavor: r-devel-windows-ix86+x86_64