CRAN Package Check Results for Package optparse

Last updated on 2020-09-26 23:46:40 CEST.

Flavor Version Tinstall Tcheck Ttotal Status Flags
r-devel-linux-x86_64-debian-clang 1.6.6 2.26 31.76 34.02 OK
r-devel-linux-x86_64-debian-gcc 1.6.6 1.90 24.94 26.84 OK
r-devel-linux-x86_64-fedora-clang 1.6.6 50.47 OK
r-devel-linux-x86_64-fedora-gcc 1.6.6 40.72 OK
r-devel-windows-ix86+x86_64 1.6.6 6.00 41.00 47.00 OK --no-vignettes
r-patched-linux-x86_64 1.6.6 2.49 31.10 33.59 OK
r-patched-solaris-x86 1.6.6 54.00 OK --no-vignettes
r-release-linux-x86_64 1.6.6 2.42 31.00 33.42 OK
r-release-macos-x86_64 1.6.6 WARN
r-release-windows-ix86+x86_64 1.6.6 4.00 53.00 57.00 OK --no-vignettes
r-oldrel-macos-x86_64 1.6.6 WARN
r-oldrel-windows-ix86+x86_64 1.6.6 4.00 44.00 48.00 OK --no-vignettes

Check Details

Version: 1.6.6
Check: re-building of vignette outputs
Result: WARN
    Error(s) in re-building vignettes:
     ...
    --- re-building ‘optparse.Rrst’ using knitr
    sh: +RTS: command not found
    Warning in system(command) : error in running command
    Error: processing vignette 'optparse.Rrst' failed with diagnostics:
    pandoc document conversion failed with error 127
    --- failed re-building ‘optparse.Rrst’
    
    SUMMARY: processing the following file failed:
     ‘optparse.Rrst’
    
    Error: Vignette re-building failed.
    Execution halted
Flavors: r-release-macos-x86_64, r-oldrel-macos-x86_64