Last updated on 2023-09-30 13:51:53 CEST.
Flavor | Version | Tinstall | Tcheck | Ttotal | Status | Flags |
---|---|---|---|---|---|---|
r-devel-linux-x86_64-debian-clang | 1.1.0 | 6.81 | 125.42 | 132.23 | NOTE | |
r-devel-linux-x86_64-debian-gcc | 1.1.0 | 5.75 | 90.01 | 95.76 | NOTE | |
r-devel-linux-x86_64-fedora-clang | 1.1.0 | 159.98 | NOTE | |||
r-devel-linux-x86_64-fedora-gcc | 1.1.0 | 155.87 | NOTE | |||
r-devel-windows-x86_64 | 1.1.0 | 9.00 | 107.00 | 116.00 | NOTE | |
r-patched-linux-x86_64 | 1.1.0 | 7.18 | 119.93 | 127.11 | NOTE | |
r-release-linux-x86_64 | 1.1.0 | 6.64 | 119.74 | 126.38 | NOTE | |
r-release-macos-arm64 | 1.1.0 | 50.00 | NOTE | |||
r-release-macos-x86_64 | 1.1.0 | 99.00 | NOTE | |||
r-release-windows-x86_64 | 1.1.0 | 11.00 | 123.00 | 134.00 | NOTE | |
r-oldrel-macos-arm64 | 1.1.0 | 49.00 | NOTE | |||
r-oldrel-macos-x86_64 | 1.1.0 | 65.00 | NOTE | |||
r-oldrel-windows-x86_64 | 1.1.0 | 11.00 | 117.00 | 128.00 | NOTE |
Version: 1.1.0
Check: package dependencies
Result: NOTE
Package suggested but not available for checking: ‘gurobi’
Flavors: r-devel-linux-x86_64-debian-clang, r-devel-linux-x86_64-debian-gcc, r-devel-linux-x86_64-fedora-clang, r-devel-linux-x86_64-fedora-gcc, r-devel-windows-x86_64, r-patched-linux-x86_64, r-release-linux-x86_64, r-release-macos-arm64, r-release-macos-x86_64, r-release-windows-x86_64, r-oldrel-macos-arm64, r-oldrel-macos-x86_64, r-oldrel-windows-x86_64