CRAN Package Check Results for Package opusminer

Last updated on 2022-01-26 15:08:25 CET.

Flavor Version Tinstall Tcheck Ttotal Status Flags
r-devel-linux-x86_64-debian-clang 0.1-1 42.28 86.83 129.11 NOTE
r-devel-linux-x86_64-debian-gcc 0.1-1 33.59 67.96 101.55 NOTE
r-devel-linux-x86_64-fedora-clang 0.1-1 188.29 NOTE
r-devel-linux-x86_64-fedora-gcc 0.1-1 163.54 NOTE
r-devel-windows-x86_64-new-UL 0.1-1 66.00 120.00 186.00 NOTE
r-devel-windows-x86_64-new-TK 0.1-1 NOTE
r-patched-linux-x86_64 0.1-1 44.46 78.94 123.40 NOTE
r-release-linux-x86_64 0.1-1 40.52 80.77 121.29 NOTE
r-release-macos-arm64 0.1-1 NOTE
r-release-macos-x86_64 0.1-1 NOTE
r-release-windows-ix86+x86_64 0.1-1 115.00 131.00 246.00 NOTE
r-oldrel-macos-x86_64 0.1-1 OK
r-oldrel-windows-ix86+x86_64 0.1-1 116.00 132.00 248.00 OK

Check Details

Version: 0.1-1
Check: LazyData
Result: NOTE
     'LazyData' is specified without a 'data' directory
Flavors: r-devel-linux-x86_64-debian-clang, r-devel-linux-x86_64-debian-gcc, r-devel-linux-x86_64-fedora-clang, r-devel-linux-x86_64-fedora-gcc, r-devel-windows-x86_64-new-UL, r-devel-windows-x86_64-new-TK, r-patched-linux-x86_64, r-release-linux-x86_64, r-release-macos-arm64, r-release-macos-x86_64, r-release-windows-ix86+x86_64