Last updated on 2023-12-09 12:49:29 CET.
Flavor | Version | Tinstall | Tcheck | Ttotal | Status | Flags |
---|---|---|---|---|---|---|
r-devel-linux-x86_64-debian-clang | 2.0-1 | 2.08 | 30.64 | 32.72 | OK | --install=fake --no-examples --no-tests --no-vignettes |
r-devel-linux-x86_64-debian-gcc | 2.0-1 | 2.32 | 23.87 | 26.19 | OK | --install=fake --no-examples --no-tests --no-vignettes |
r-devel-windows-x86_64 | 2.0-1 | 1.00 | 4.00 | 5.00 | ERROR | |
r-patched-linux-x86_64 | 2.0-1 | 3.00 | 30.62 | 33.62 | OK | --install=fake --no-examples --no-tests --no-vignettes |
r-release-linux-x86_64 | 2.0-1 | 2.55 | 30.29 | 32.84 | OK | --install=fake --no-examples --no-tests --no-vignettes |
r-release-macos-arm64 | 2.0-1 | 8.00 | ERROR | |||
r-release-macos-x86_64 | 2.0-1 | 9.00 | ERROR | |||
r-release-windows-x86_64 | 2.0-1 | 1.00 | 6.00 | 7.00 | ERROR | |
r-oldrel-macos-arm64 | 2.0-1 | 9.00 | ERROR | |||
r-oldrel-macos-x86_64 | 2.0-1 | 10.00 | ERROR | |||
r-oldrel-windows-x86_64 | 2.0-1 | 1.00 | 7.00 | 8.00 | ERROR |
Version: 2.0-1
Check: package dependencies
Result: ERROR
Package required but not available: 'ROracle'
See section 'The DESCRIPTION file' in the 'Writing R Extensions'
manual.
Flavors: r-devel-windows-x86_64, r-release-macos-arm64, r-release-macos-x86_64, r-release-windows-x86_64, r-oldrel-macos-arm64, r-oldrel-macos-x86_64, r-oldrel-windows-x86_64