CRAN Package Check Results for Package ora

Last updated on 2019-03-24 04:47:09 CET.

Flavor Version Tinstall Tcheck Ttotal Status Flags
r-devel-linux-x86_64-debian-clang 2.0-1 2.43 22.90 25.33 OK --no-examples --no-tests --no-vignettes
r-devel-linux-x86_64-debian-gcc 2.0-1 1.68 18.95 20.63 OK --no-examples --no-tests --no-vignettes
r-patched-linux-x86_64 2.0-1 1.37 21.88 23.25 OK --no-examples --no-tests --no-vignettes
r-release-linux-x86_64 2.0-1 0.31 1.86 2.17 ERROR --no-examples --no-tests --no-vignettes
r-release-windows-ix86+x86_64 2.0-1 1.00 4.00 5.00 ERROR
r-release-osx-x86_64 2.0-1 ERROR
r-oldrel-osx-x86_64 2.0-1 ERROR

Check Details

Version: 2.0-1
Flags: --no-examples --no-tests --no-vignettes
Check: whether package can be installed
Result: ERROR
    Installation failed.
Flavor: r-release-linux-x86_64

Version: 2.0-1
Check: package dependencies
Result: ERROR
    Package required but not available: 'ROracle'
    
    See section 'The DESCRIPTION file' in the 'Writing R Extensions'
    manual.
Flavors: r-release-windows-ix86+x86_64, r-release-osx-x86_64, r-oldrel-osx-x86_64