CRAN Package Check Results for Package ora

Last updated on 2019-05-26 16:48:33 CEST.

Flavor Version Tinstall Tcheck Ttotal Status Flags
r-devel-linux-x86_64-debian-clang 2.0-1 2.34 23.21 25.55 OK --no-examples --no-tests --no-vignettes
r-devel-linux-x86_64-debian-gcc 2.0-1 1.91 19.08 20.99 OK --no-examples --no-tests --no-vignettes
r-devel-windows-ix86+x86_64 2.0-1 0.00 6.00 6.00 ERROR
r-patched-linux-x86_64 2.0-1 OK --no-examples --no-tests --no-vignettes
r-release-linux-x86_64 2.0-1 2.30 22.81 25.11 OK --no-examples --no-tests --no-vignettes
r-release-osx-x86_64 2.0-1 ERROR
r-oldrel-windows-ix86+x86_64 2.0-1 1.00 4.00 5.00 ERROR
r-oldrel-osx-x86_64 2.0-1 ERROR

Check Details

Version: 2.0-1
Check: package dependencies
Result: ERROR
    Package required but not available: 'ROracle'
    
    See section 'The DESCRIPTION file' in the 'Writing R Extensions'
    manual.
Flavors: r-devel-windows-ix86+x86_64, r-release-osx-x86_64, r-oldrel-windows-ix86+x86_64, r-oldrel-osx-x86_64