CRAN Package Check Results for Package ordBTL

Last updated on 2019-10-14 07:49:26 CEST.

Flavor Version Tinstall Tcheck Ttotal Status Flags
r-devel-linux-x86_64-debian-clang 0.8 12.36 132.97 145.33 NOTE
r-devel-linux-x86_64-debian-gcc 0.8 11.88 99.44 111.32 NOTE
r-devel-linux-x86_64-fedora-clang 0.8 170.53 NOTE
r-devel-linux-x86_64-fedora-gcc 0.8 151.57 NOTE
r-devel-windows-ix86+x86_64 0.8 28.00 204.00 232.00 NOTE
r-patched-linux-x86_64 0.8 9.77 126.87 136.64 NOTE
r-patched-solaris-x86 0.8 260.00 NOTE
r-release-linux-x86_64 0.8 13.02 128.54 141.56 NOTE
r-release-windows-ix86+x86_64 0.8 41.00 146.00 187.00 NOTE
r-release-osx-x86_64 0.8 NOTE
r-oldrel-windows-ix86+x86_64 0.8 14.00 141.00 155.00 NOTE
r-oldrel-osx-x86_64 0.8 NOTE

Check Details

Version: 0.8
Check: R code for possible problems
Result: NOTE
    BTLboost: no visible global function definition for 'as.formula'
    design: no visible global function definition for 'as.formula'
    wide2long: no visible global function definition for 'reshape'
    Undefined global functions or variables:
     as.formula reshape
    Consider adding
     importFrom("stats", "as.formula", "reshape")
    to your NAMESPACE file.
Flavors: r-devel-linux-x86_64-debian-clang, r-devel-linux-x86_64-debian-gcc, r-devel-linux-x86_64-fedora-clang, r-devel-linux-x86_64-fedora-gcc, r-devel-windows-ix86+x86_64, r-patched-linux-x86_64, r-patched-solaris-x86, r-release-linux-x86_64, r-release-windows-ix86+x86_64, r-release-osx-x86_64, r-oldrel-windows-ix86+x86_64, r-oldrel-osx-x86_64