CRAN Package Check Results for Package ordPens

Last updated on 2019-03-23 19:50:42 CET.

Flavor Version Tinstall Tcheck Ttotal Status Flags
r-devel-linux-x86_64-debian-clang 0.3-1 8.50 77.04 85.54 NOTE
r-devel-linux-x86_64-debian-gcc 0.3-1 7.91 62.20 70.11 NOTE
r-devel-linux-x86_64-fedora-clang 0.3-1 106.81 NOTE
r-devel-linux-x86_64-fedora-gcc 0.3-1 103.69 NOTE
r-devel-windows-ix86+x86_64 0.3-1 27.00 90.00 117.00 NOTE
r-patched-linux-x86_64 0.3-1 6.25 73.59 79.84 NOTE
r-patched-solaris-x86 0.3-1 158.30 NOTE
r-release-linux-x86_64 0.3-1 0.32 1.98 2.30 ERROR
r-release-windows-ix86+x86_64 0.3-1 11.00 89.00 100.00 NOTE
r-release-osx-x86_64 0.3-1 NOTE
r-oldrel-windows-ix86+x86_64 0.3-1 17.00 117.00 134.00 NOTE
r-oldrel-osx-x86_64 0.3-1 NOTE

Check Details

Version: 0.3-1
Check: R code for possible problems
Result: NOTE
    genRidge: no visible global function definition for 'plogis'
    ordGene: no visible global function definition for 'anova'
    ordGene: no visible global function definition for 'lm'
    ordSelect: no visible binding for global variable 'sd'
    ordSmooth: no visible binding for global variable 'sd'
    plot.ordPen: no visible global function definition for 'grey'
    plot.ordPen: no visible global function definition for 'devAskNewPage'
    plot.ordPen: no visible global function definition for 'plot'
    plot.ordPen: no visible global function definition for 'lines'
    predict.ordPen: no visible global function definition for 'plogis'
    Undefined global functions or variables:
     anova devAskNewPage grey lines lm plogis plot sd
    Consider adding
     importFrom("grDevices", "devAskNewPage", "grey")
     importFrom("graphics", "lines", "plot")
     importFrom("stats", "anova", "lm", "plogis", "sd")
    to your NAMESPACE file.
Flavors: r-devel-linux-x86_64-debian-clang, r-devel-linux-x86_64-debian-gcc, r-devel-linux-x86_64-fedora-clang, r-devel-linux-x86_64-fedora-gcc, r-devel-windows-ix86+x86_64, r-patched-linux-x86_64, r-patched-solaris-x86, r-release-windows-ix86+x86_64, r-release-osx-x86_64, r-oldrel-windows-ix86+x86_64, r-oldrel-osx-x86_64

Version: 0.3-1
Check: whether package can be installed
Result: ERROR
    Installation failed.
Flavor: r-release-linux-x86_64

Version: 0.3-1
Check: package dependencies
Result: NOTE
    Package suggested but not available for checking: ‘IsoGene’
Flavor: r-release-osx-x86_64

Version: 0.3-1
Check: package dependencies
Result: NOTE
    Packages suggested but not available for checking: ‘IsoGene’ ‘Biobase’
Flavor: r-oldrel-osx-x86_64