CRAN Package Check Results for Package ordPens

Last updated on 2019-06-25 19:49:50 CEST.

Flavor Version Tinstall Tcheck Ttotal Status Flags
r-devel-linux-x86_64-debian-clang 0.3-1 8.42 76.52 84.94 NOTE
r-devel-linux-x86_64-debian-gcc 0.3-1 7.79 62.85 70.64 NOTE
r-devel-linux-x86_64-fedora-clang 0.3-1 104.46 NOTE
r-devel-linux-x86_64-fedora-gcc 0.3-1 102.12 NOTE
r-devel-windows-ix86+x86_64 0.3-1 24.00 94.00 118.00 NOTE
r-patched-linux-x86_64 0.3-1 9.15 77.69 86.84 NOTE
r-patched-solaris-x86 0.3-1 170.20 NOTE
r-release-linux-x86_64 0.3-1 10.28 77.09 87.37 NOTE
r-release-windows-ix86+x86_64 0.3-1 17.00 125.00 142.00 NOTE
r-release-osx-x86_64 0.3-1 FAIL
r-oldrel-windows-ix86+x86_64 0.3-1 9.00 83.00 92.00 NOTE
r-oldrel-osx-x86_64 0.3-1 NOTE

Check Details

Version: 0.3-1
Check: R code for possible problems
Result: NOTE
    genRidge: no visible global function definition for 'plogis'
    ordGene: no visible global function definition for 'anova'
    ordGene: no visible global function definition for 'lm'
    ordSelect: no visible binding for global variable 'sd'
    ordSmooth: no visible binding for global variable 'sd'
    plot.ordPen: no visible global function definition for 'grey'
    plot.ordPen: no visible global function definition for 'devAskNewPage'
    plot.ordPen: no visible global function definition for 'plot'
    plot.ordPen: no visible global function definition for 'lines'
    predict.ordPen: no visible global function definition for 'plogis'
    Undefined global functions or variables:
     anova devAskNewPage grey lines lm plogis plot sd
    Consider adding
     importFrom("grDevices", "devAskNewPage", "grey")
     importFrom("graphics", "lines", "plot")
     importFrom("stats", "anova", "lm", "plogis", "sd")
    to your NAMESPACE file.
Flavors: r-devel-linux-x86_64-debian-clang, r-devel-linux-x86_64-debian-gcc, r-devel-linux-x86_64-fedora-clang, r-devel-linux-x86_64-fedora-gcc, r-devel-windows-ix86+x86_64, r-patched-linux-x86_64, r-patched-solaris-x86, r-release-linux-x86_64, r-release-windows-ix86+x86_64, r-oldrel-windows-ix86+x86_64, r-oldrel-osx-x86_64

Version: 0.3-1
Check: package dependencies
Result: NOTE
    Packages suggested but not available for checking: 'IsoGene', 'Biobase'
Flavor: r-release-osx-x86_64

Version: 0.3-1
Check: whether package can be installed
Result: FAIL
    
Flavor: r-release-osx-x86_64

Version: 0.3-1
Check: package dependencies
Result: NOTE
    Package suggested but not available for checking: ‘IsoGene’
Flavor: r-oldrel-osx-x86_64