CRAN Package Check Results for Package ordbetareg

Last updated on 2022-07-07 09:50:58 CEST.

Flavor Version Tinstall Tcheck Ttotal Status Flags
r-devel-linux-x86_64-debian-clang 0.2.1 32.83 277.56 310.39 OK
r-devel-linux-x86_64-debian-gcc 0.2.1 24.84 203.06 227.90 OK
r-devel-linux-x86_64-fedora-clang 0.2.1 393.22 WARN
r-devel-linux-x86_64-fedora-gcc 0.2.1 392.10 WARN
r-devel-windows-x86_64 0.2.1 153.00 293.00 446.00 OK
r-patched-linux-x86_64 0.2.1 27.28 257.50 284.78 OK
r-release-linux-x86_64 0.2.1 24.43 265.88 290.31 OK
r-release-macos-arm64 0.2.1 112.00 NOTE
r-release-macos-x86_64 0.2.1 182.00 NOTE
r-release-windows-x86_64 0.2.1 139.00 314.00 453.00 OK
r-oldrel-macos-arm64 0.2.1 113.00 NOTE
r-oldrel-macos-x86_64 0.2.1 141.00 NOTE
r-oldrel-windows-ix86+x86_64 0.2.1 68.00 309.00 377.00 OK

Check Details

Version: 0.2.1
Check: package dependencies
Result: WARN
    Requires (indirectly) orphaned package: ‘gtools’
Flavors: r-devel-linux-x86_64-fedora-clang, r-devel-linux-x86_64-fedora-gcc

Version: 0.2.1
Check: data for non-ASCII characters
Result: NOTE
     Note: found 36 marked UTF-8 strings
Flavors: r-devel-linux-x86_64-fedora-clang, r-devel-linux-x86_64-fedora-gcc, r-release-macos-arm64, r-release-macos-x86_64, r-oldrel-macos-arm64, r-oldrel-macos-x86_64