CRAN Package Check Results for Package ordcrm

Last updated on 2023-02-07 20:53:50 CET.

Flavor Version Tinstall Tcheck Ttotal Status Flags
r-devel-linux-x86_64-debian-clang 1.0.0 10.14 61.32 71.46 NOTE
r-devel-linux-x86_64-debian-gcc 1.0.0 8.86 45.06 53.92 NOTE
r-devel-linux-x86_64-fedora-clang 1.0.0 88.15 NOTE
r-devel-linux-x86_64-fedora-gcc 1.0.0 85.19 NOTE
r-devel-windows-x86_64 1.0.0 17.00 84.00 101.00 NOTE
r-patched-linux-x86_64 1.0.0 7.30 57.21 64.51 NOTE
r-release-linux-x86_64 1.0.0 7.61 58.27 65.88 NOTE
r-release-macos-arm64 1.0.0 27.00 NOTE
r-release-macos-x86_64 1.0.0 40.00 NOTE
r-release-windows-x86_64 1.0.0 16.00 84.00 100.00 NOTE
r-oldrel-macos-arm64 1.0.0 28.00 NOTE
r-oldrel-macos-x86_64 1.0.0 36.00 NOTE
r-oldrel-windows-ix86+x86_64 1.0.0 18.00 82.00 100.00 NOTE

Check Details

Version: 1.0.0
Check: LazyData
Result: NOTE
     'LazyData' is specified without a 'data' directory
Flavors: r-devel-linux-x86_64-debian-clang, r-devel-linux-x86_64-debian-gcc, r-devel-linux-x86_64-fedora-clang, r-devel-linux-x86_64-fedora-gcc, r-devel-windows-x86_64, r-patched-linux-x86_64, r-release-linux-x86_64, r-release-macos-arm64, r-release-macos-x86_64, r-release-windows-x86_64, r-oldrel-macos-arm64, r-oldrel-macos-x86_64, r-oldrel-windows-ix86+x86_64