CRAN Package Check Results for Package ordinalbayes

Last updated on 2022-10-04 21:53:46 CEST.

Flavor Version Tinstall Tcheck Ttotal Status Flags
r-devel-linux-x86_64-debian-clang 0.1.1 46.51 437.45 483.96 OK
r-devel-linux-x86_64-debian-gcc 0.1.1 39.03 322.66 361.69 OK
r-devel-linux-x86_64-fedora-clang 0.1.1 606.69 NOTE
r-devel-linux-x86_64-fedora-gcc 0.1.1 584.26 NOTE
r-devel-windows-x86_64 0.1.1 58.00 1111.00 1169.00 OK
r-patched-linux-x86_64 0.1.1 34.47 414.51 448.98 OK
r-release-linux-x86_64 0.1.1 35.29 417.10 452.39 OK
r-release-macos-arm64 0.1.1 255.00 NOTE
r-release-macos-x86_64 0.1.1 307.00 NOTE
r-release-windows-x86_64 0.1.1 63.00 1120.00 1183.00 OK
r-oldrel-macos-arm64 0.1.1 219.00 NOTE
r-oldrel-macos-x86_64 0.1.1 313.00 NOTE
r-oldrel-windows-ix86+x86_64 0.1.1 98.00 636.00 734.00 OK

Check Details

Version: 0.1.1
Check: dependencies in R code
Result: NOTE
    Namespace in Imports field not imported from: ‘devtools’
     All declared Imports should be used.
Flavors: r-devel-linux-x86_64-fedora-clang, r-devel-linux-x86_64-fedora-gcc, r-release-macos-arm64, r-release-macos-x86_64, r-oldrel-macos-arm64, r-oldrel-macos-x86_64