CRAN Package Check Results for Package ordinalgmifs

Last updated on 2022-06-28 13:50:04 CEST.

Flavor Version Tinstall Tcheck Ttotal Status Flags
r-devel-linux-x86_64-debian-clang 1.0.7 9.71 114.66 124.37 OK
r-devel-linux-x86_64-debian-gcc 1.0.7 8.72 88.37 97.09 OK
r-devel-linux-x86_64-fedora-clang 1.0.7 160.36 NOTE
r-devel-linux-x86_64-fedora-gcc 1.0.7 161.70 OK
r-devel-windows-x86_64 1.0.7 50.00 82.00 132.00 OK --no-vignettes
r-patched-linux-x86_64 1.0.7 10.84 110.77 121.61 OK
r-release-linux-x86_64 1.0.7 10.47 112.56 123.03 OK
r-release-macos-arm64 1.0.7 48.00 OK
r-release-macos-x86_64 1.0.7 82.00 OK
r-release-windows-x86_64 1.0.7 47.00 147.00 194.00 OK --no-vignettes
r-oldrel-macos-arm64 1.0.7 47.00 OK
r-oldrel-macos-x86_64 1.0.7 76.00 OK
r-oldrel-windows-ix86+x86_64 1.0.7 26.00 101.00 127.00 OK --no-vignettes

Check Details

Version: 1.0.7
Check: Rd cross-references
Result: NOTE
    Undeclared package ‘VGAM’ in Rd xrefs
Flavor: r-devel-linux-x86_64-fedora-clang