CRAN Package Check Results for Package ordinalgmifs

Last updated on 2022-01-23 12:05:18 CET.

Flavor Version Tinstall Tcheck Ttotal Status Flags
r-devel-linux-x86_64-debian-clang 1.0.6 9.77 116.73 126.50 OK
r-devel-linux-x86_64-debian-gcc 1.0.6 9.17 96.82 105.99 OK
r-devel-linux-x86_64-fedora-clang 1.0.6 158.09 NOTE
r-devel-linux-x86_64-fedora-gcc 1.0.6 144.35 OK
r-devel-windows-x86_64-new-UL 1.0.6 48.00 76.00 124.00 OK --no-vignettes
r-devel-windows-x86_64-new-TK 1.0.6 OK
r-patched-linux-x86_64 1.0.6 8.55 113.13 121.68 OK
r-release-linux-x86_64 1.0.6 10.66 113.31 123.97 OK
r-release-macos-arm64 1.0.6 OK
r-release-macos-x86_64 1.0.6 OK
r-release-windows-ix86+x86_64 1.0.6 25.00 109.00 134.00 OK --no-vignettes
r-oldrel-macos-x86_64 1.0.6 OK
r-oldrel-windows-ix86+x86_64 1.0.6 25.00 88.00 113.00 OK --no-vignettes

Check Details

Version: 1.0.6
Check: Rd cross-references
Result: NOTE
    Undeclared package ‘VGAM’ in Rd xrefs
Flavor: r-devel-linux-x86_64-fedora-clang