CRAN Package Check Results for Package ordinalpattern

Last updated on 2022-06-29 11:52:16 CEST.

Flavor Version Tinstall Tcheck Ttotal Status Flags
r-devel-linux-x86_64-debian-clang 0.2.0 3.34 24.19 27.53 NOTE
r-devel-linux-x86_64-debian-gcc 0.2.0 2.15 19.38 21.53 NOTE
r-devel-linux-x86_64-fedora-clang 0.2.0 43.95 WARN
r-devel-linux-x86_64-fedora-gcc 0.2.0 43.52 WARN
r-devel-windows-x86_64 0.2.0 31.00 52.00 83.00 NOTE
r-patched-linux-x86_64 0.2.0 2.11 23.81 25.92 NOTE
r-release-linux-x86_64 0.2.0 2.49 24.02 26.51 NOTE
r-release-macos-arm64 0.2.0 17.00 NOTE
r-release-macos-x86_64 0.2.0 21.00 NOTE
r-release-windows-x86_64 0.2.0 22.00 49.00 71.00 NOTE
r-oldrel-macos-arm64 0.2.0 18.00 NOTE
r-oldrel-macos-x86_64 0.2.0 25.00 NOTE
r-oldrel-windows-ix86+x86_64 0.2.0 9.00 53.00 62.00 NOTE

Additional issues

rchk

Check Details

Version: 0.2.0
Check: LazyData
Result: NOTE
     'LazyData' is specified without a 'data' directory
Flavors: r-devel-linux-x86_64-debian-clang, r-devel-linux-x86_64-debian-gcc, r-devel-linux-x86_64-fedora-clang, r-devel-linux-x86_64-fedora-gcc, r-devel-windows-x86_64, r-patched-linux-x86_64, r-release-linux-x86_64, r-release-macos-arm64, r-release-macos-x86_64, r-release-windows-x86_64, r-oldrel-macos-arm64, r-oldrel-macos-x86_64, r-oldrel-windows-ix86+x86_64

Version: 0.2.0
Check: package dependencies
Result: WARN
    Requires orphaned package: ‘gtools’
Flavors: r-devel-linux-x86_64-fedora-clang, r-devel-linux-x86_64-fedora-gcc

Version: 0.2.0
Check: compiled code
Result: NOTE
    File ‘ordinalpattern/libs/ordinalpattern.so’:
     Found no calls to: ‘R_registerRoutines’, ‘R_useDynamicSymbols’
    
    It is good practice to register native routines and to disable symbol
    search.
    
    See ‘Writing portable packages’ in the ‘Writing R Extensions’ manual.
Flavors: r-devel-linux-x86_64-fedora-clang, r-devel-linux-x86_64-fedora-gcc