CRAN Package Check Results for Package oreo

Last updated on 2021-10-21 23:50:20 CEST.

Flavor Version Tinstall Tcheck Ttotal Status Flags
r-devel-linux-x86_64-debian-clang 1.0 5.05 38.62 43.67 OK
r-devel-linux-x86_64-debian-gcc 1.0 3.57 29.76 33.33 OK
r-devel-linux-x86_64-fedora-clang 1.0 62.22 NOTE
r-devel-linux-x86_64-fedora-gcc 1.0 50.98 NOTE
r-devel-windows-x86_64 1.0 8.00 62.00 70.00 OK
r-devel-windows-x86_64-gcc10-UCRT 1.0 NOTE
r-patched-linux-x86_64 1.0 4.72 36.63 41.35 OK
r-patched-solaris-x86 1.0 86.80 NOTE
r-release-linux-x86_64 1.0 4.72 36.82 41.54 OK
r-release-macos-arm64 1.0 NOTE
r-release-macos-x86_64 1.0 NOTE
r-release-windows-ix86+x86_64 1.0 11.00 59.00 70.00 OK
r-oldrel-macos-x86_64 1.0 NOTE
r-oldrel-windows-ix86+x86_64 1.0 12.00 60.00 72.00 OK

Check Details

Version: 1.0
Check: dependencies in R code
Result: NOTE
    Namespaces in Imports field not imported from:
     ‘ggplot2’ ‘gridExtra’ ‘scales’ ‘tools’
     All declared Imports should be used.
Flavors: r-devel-linux-x86_64-fedora-clang, r-devel-linux-x86_64-fedora-gcc, r-devel-windows-x86_64-gcc10-UCRT, r-patched-solaris-x86, r-release-macos-arm64, r-release-macos-x86_64, r-oldrel-macos-x86_64