CRAN Package Check Results for Package ores

Last updated on 2021-05-17 02:46:59 CEST.

Flavor Version Tinstall Tcheck Ttotal Status Flags
r-devel-linux-x86_64-debian-clang 0.3.2 2.04 24.53 26.57 NOTE
r-devel-linux-x86_64-debian-gcc 0.3.2 1.57 19.51 21.08 NOTE
r-devel-linux-x86_64-fedora-clang 0.3.2 40.98 NOTE
r-devel-linux-x86_64-fedora-gcc 0.3.2 31.37 NOTE
r-devel-windows-ix86+x86_64 0.3.2 5.00 33.00 38.00 NOTE
r-devel-windows-x86_64-gcc10-UCRT 0.3.2 NOTE
r-patched-linux-x86_64 0.3.2 1.98 23.85 25.83 NOTE
r-patched-solaris-x86 0.3.2 50.30 NOTE
r-release-linux-x86_64 0.3.2 2.07 23.69 25.76 OK
r-release-macos-x86_64 0.3.2 OK
r-release-windows-ix86+x86_64 0.3.2 4.00 33.00 37.00 OK
r-oldrel-macos-x86_64 0.3.2 OK
r-oldrel-windows-ix86+x86_64 0.3.2 4.00 35.00 39.00 OK

Check Details

Version: 0.3.2
Check: LazyData
Result: NOTE
     'LazyData' is specified without a 'data' directory
Flavors: r-devel-linux-x86_64-debian-clang, r-devel-linux-x86_64-debian-gcc, r-devel-linux-x86_64-fedora-clang, r-devel-linux-x86_64-fedora-gcc, r-devel-windows-ix86+x86_64, r-devel-windows-x86_64-gcc10-UCRT, r-patched-linux-x86_64, r-patched-solaris-x86