CRAN Package Check Results for Package org

Last updated on 2020-04-10 08:52:37 CEST.

Flavor Version Tinstall Tcheck Ttotal Status Flags
r-devel-linux-x86_64-debian-clang 2019.4.2 1.65 22.58 24.23 NOTE
r-devel-linux-x86_64-debian-gcc 2019.4.2 1.49 17.97 19.46 NOTE
r-devel-linux-x86_64-fedora-clang 2019.4.2 30.75 OK
r-devel-linux-x86_64-fedora-gcc 2019.4.2 32.51 OK
r-devel-windows-ix86+x86_64 2019.4.2 6.00 59.00 65.00 NOTE
r-devel-windows-ix86+x86_64-gcc8 2019.4.2 6.00 38.00 44.00 NOTE
r-patched-linux-x86_64 2019.4.2 1.76 21.80 23.56 NOTE
r-patched-osx-x86_64 2019.4.2 OK
r-patched-solaris-x86 2019.4.2 49.30 OK
r-release-linux-x86_64 2019.4.2 1.41 20.66 22.07 OK
r-release-windows-ix86+x86_64 2019.4.2 5.00 49.00 54.00 OK
r-release-osx-x86_64 2019.4.2 OK
r-oldrel-windows-ix86+x86_64 2019.4.2 4.00 36.00 40.00 OK
r-oldrel-osx-x86_64 2019.4.2 OK

Check Details

Version: 2019.4.2
Check: package vignettes
Result: NOTE
    Package vignette with placeholder title 'Vignette Title':
     'intro.Rmd'
Flavors: r-devel-linux-x86_64-debian-clang, r-devel-linux-x86_64-debian-gcc, r-devel-windows-ix86+x86_64, r-devel-windows-ix86+x86_64-gcc8, r-patched-linux-x86_64