CRAN Package Check Results for Package orgutils

Last updated on 2022-10-06 14:52:32 CEST.

Flavor Version Tinstall Tcheck Ttotal Status Flags
r-devel-linux-x86_64-debian-clang 0.4-1 1.69 26.14 27.83 OK
r-devel-linux-x86_64-debian-gcc 0.4-1 1.69 20.27 21.96 OK
r-devel-linux-x86_64-fedora-clang 0.4-1 48.57 NOTE
r-devel-linux-x86_64-fedora-gcc 0.4-1 44.78 OK
r-devel-windows-x86_64 0.4-1 15.00 65.00 80.00 OK
r-patched-linux-x86_64 0.4-1 1.62 25.15 26.77 OK
r-release-linux-x86_64 0.4-1 1.42 25.04 26.46 OK
r-release-macos-arm64 0.4-1 17.00 OK
r-release-macos-x86_64 0.4-1 23.00 OK
r-release-windows-x86_64 0.4-1 13.00 65.00 78.00 OK
r-oldrel-macos-arm64 0.4-1 20.00 OK
r-oldrel-macos-x86_64 0.4-1 27.00 OK
r-oldrel-windows-ix86+x86_64 0.4-1 5.00 50.00 55.00 OK

Check Details

Version: 0.4-1
Check: Rd cross-references
Result: NOTE
    Undeclared package ‘microplot’ in Rd xrefs
Flavor: r-devel-linux-x86_64-fedora-clang