CRAN Package Check Results for Package orgutils

Last updated on 2020-11-24 15:52:14 CET.

Flavor Version Tinstall Tcheck Ttotal Status Flags
r-devel-linux-x86_64-debian-clang 0.4-1 2.44 23.94 26.38 OK
r-devel-linux-x86_64-debian-gcc 0.4-1 1.64 20.39 22.03 OK
r-devel-linux-x86_64-fedora-clang 0.4-1 39.10 NOTE
r-devel-linux-x86_64-fedora-gcc 0.4-1 29.95 OK
r-devel-windows-ix86+x86_64 0.4-1 4.00 47.00 51.00 OK
r-patched-linux-x86_64 0.4-1 2.24 26.41 28.65 OK
r-patched-solaris-x86 0.4-1 44.50 OK
r-release-linux-x86_64 0.4-1 2.22 25.04 27.26 OK
r-release-macos-x86_64 0.4-1 OK
r-release-windows-ix86+x86_64 0.4-1 4.00 35.00 39.00 OK
r-oldrel-macos-x86_64 0.4-1 OK
r-oldrel-windows-ix86+x86_64 0.4-1 3.00 45.00 48.00 OK

Check Details

Version: 0.4-1
Check: Rd cross-references
Result: NOTE
    Undeclared package ‘microplot’ in Rd xrefs
Flavor: r-devel-linux-x86_64-fedora-clang