CRAN Package Check Results for Package orloca

Last updated on 2019-10-24 03:58:37 CEST.

Flavor Version Tinstall Tcheck Ttotal Status Flags
r-devel-linux-x86_64-debian-clang 4.8 4.38 34.92 39.30 OK
r-devel-linux-x86_64-debian-gcc 4.8 3.25 27.55 30.80 OK
r-devel-linux-x86_64-fedora-clang 4.8 47.94 NOTE
r-devel-linux-x86_64-fedora-gcc 4.8 46.93 NOTE
r-devel-windows-ix86+x86_64 4.8 7.00 67.00 74.00 OK
r-patched-linux-x86_64 4.8 3.27 33.94 37.21 OK
r-patched-solaris-x86 4.8 72.30 NOTE
r-release-linux-x86_64 4.8 3.11 34.15 37.26 OK
r-release-windows-ix86+x86_64 4.8 11.00 50.00 61.00 OK
r-release-osx-x86_64 4.8 NOTE
r-oldrel-windows-ix86+x86_64 4.8 8.00 64.00 72.00 OK
r-oldrel-osx-x86_64 4.8 NOTE

Check Details

Version: 4.8
Check: dependencies in R code
Result: NOTE
    Namespaces in Imports field not imported from:
     ‘knitr’ ‘rmarkdown’
     All declared Imports should be used.
Flavors: r-devel-linux-x86_64-fedora-clang, r-devel-linux-x86_64-fedora-gcc, r-patched-solaris-x86, r-release-osx-x86_64, r-oldrel-osx-x86_64