CRAN Package Check Results for Package orloca

Last updated on 2019-07-19 12:55:28 CEST.

Flavor Version Tinstall Tcheck Ttotal Status Flags
r-devel-linux-x86_64-debian-clang 4.8 3.64 35.29 38.93 OK
r-devel-linux-x86_64-debian-gcc 4.8 3.42 28.63 32.05 OK
r-devel-linux-x86_64-fedora-clang 4.8 48.00 NOTE
r-devel-linux-x86_64-fedora-gcc 4.8 45.78 NOTE
r-devel-windows-ix86+x86_64 4.8 10.00 68.00 78.00 OK
r-patched-linux-x86_64 4.8 4.10 35.26 39.36 OK
r-patched-solaris-x86 4.8 73.00 NOTE
r-release-linux-x86_64 4.8 4.33 35.10 39.43 OK
r-release-windows-ix86+x86_64 4.8 6.00 46.00 52.00 OK
r-release-osx-x86_64 4.8 NOTE
r-oldrel-windows-ix86+x86_64 4.8 6.00 62.00 68.00 OK
r-oldrel-osx-x86_64 4.8 NOTE

Check Details

Version: 4.8
Check: dependencies in R code
Result: NOTE
    Namespaces in Imports field not imported from:
     ‘knitr’ ‘rmarkdown’
     All declared Imports should be used.
Flavors: r-devel-linux-x86_64-fedora-clang, r-devel-linux-x86_64-fedora-gcc, r-patched-solaris-x86, r-release-osx-x86_64, r-oldrel-osx-x86_64