CRAN Package Check Results for Package oro.nifti

Last updated on 2020-08-04 19:48:58 CEST.

Flavor Version Tinstall Tcheck Ttotal Status Flags
r-devel-linux-x86_64-debian-clang 0.10.3 16.54 97.74 114.28 OK
r-devel-linux-x86_64-debian-gcc 0.10.3 16.57 73.81 90.38 OK
r-devel-linux-x86_64-fedora-clang 0.10.3 145.39 NOTE
r-devel-linux-x86_64-fedora-gcc 0.10.3 135.90 NOTE
r-devel-windows-ix86+x86_64 0.10.3 53.00 112.00 165.00 NOTE
r-patched-linux-x86_64 0.10.3 18.12 95.90 114.02 OK
r-patched-solaris-x86 0.10.3 170.40 NOTE
r-release-linux-x86_64 0.10.3 18.67 96.78 115.45 OK
r-release-macos-x86_64 0.10.3 NOTE
r-release-windows-ix86+x86_64 0.10.3 46.00 143.00 189.00 NOTE
r-oldrel-macos-x86_64 0.10.3 NOTE
r-oldrel-windows-ix86+x86_64 0.10.3 27.00 113.00 140.00 NOTE

Check Details

Version: 0.10.3
Check: installed package size
Result: NOTE
     installed size is 6.6Mb
     sub-directories of 1Mb or more:
     R 1.0Mb
     nifti 3.8Mb
Flavors: r-devel-linux-x86_64-fedora-clang, r-devel-windows-ix86+x86_64, r-patched-solaris-x86, r-release-macos-x86_64, r-release-windows-ix86+x86_64, r-oldrel-macos-x86_64, r-oldrel-windows-ix86+x86_64

Version: 0.10.3
Check: dependencies in R code
Result: NOTE
    Namespace in Imports field not imported from: ‘rticles’
     All declared Imports should be used.
Flavors: r-devel-linux-x86_64-fedora-clang, r-devel-linux-x86_64-fedora-gcc, r-patched-solaris-x86, r-release-macos-x86_64, r-oldrel-macos-x86_64