CRAN Package Check Results for Package orthoDr

Last updated on 2021-09-19 11:50:10 CEST.

Flavor Version Tinstall Tcheck Ttotal Status Flags
r-devel-linux-x86_64-debian-clang 0.6.4 311.17 103.44 414.61 OK
r-devel-linux-x86_64-debian-gcc 0.6.4 202.01 78.27 280.28 OK
r-devel-linux-x86_64-fedora-clang 0.6.4 582.28 NOTE
r-devel-linux-x86_64-fedora-gcc 0.6.4 504.55 OK
r-devel-windows-x86_64 0.6.4 257.00 136.00 393.00 OK
r-devel-windows-x86_64-gcc10-UCRT 0.6.4 ERROR
r-patched-linux-x86_64 0.6.4 238.93 98.21 337.14 OK
r-patched-solaris-x86 0.6.4 582.20 OK
r-release-linux-x86_64 0.6.4 239.22 99.07 338.29 OK
r-release-macos-arm64 0.6.4 NOTE
r-release-macos-x86_64 0.6.4 NOTE
r-release-windows-ix86+x86_64 0.6.4 659.00 142.00 801.00 OK
r-oldrel-macos-x86_64 0.6.4 NOTE
r-oldrel-windows-ix86+x86_64 0.6.4 641.00 136.00 777.00 OK

Check Details

Version: 0.6.4
Check: installed package size
Result: NOTE
     installed size is 15.9Mb
     sub-directories of 1Mb or more:
     libs 15.6Mb
Flavors: r-devel-linux-x86_64-fedora-clang, r-release-macos-arm64, r-release-macos-x86_64, r-oldrel-macos-x86_64

Version: 0.6.4
Check: whether package can be installed
Result: ERROR
    Installation failed.
Flavor: r-devel-windows-x86_64-gcc10-UCRT