CRAN Package Check Results for Package orthoDr

Last updated on 2019-04-23 01:57:25 CEST.

Flavor Version Tinstall Tcheck Ttotal Status Flags
r-devel-linux-x86_64-debian-clang 0.5.1 182.72 74.55 257.27 OK
r-devel-linux-x86_64-debian-gcc 0.5.1 136.67 58.94 195.61 OK
r-devel-linux-x86_64-fedora-clang 0.5.1 389.10 NOTE
r-devel-linux-x86_64-fedora-gcc 0.5.1 336.69 OK
r-devel-windows-ix86+x86_64 0.5.1 473.00 126.00 599.00 OK
r-patched-linux-x86_64 0.5.1 163.06 73.03 236.09 OK
r-patched-solaris-x86 0.5.1 351.50 OK
r-release-linux-x86_64 0.5.1 161.99 71.46 233.45 OK
r-release-windows-ix86+x86_64 0.5.1 334.00 164.00 498.00 OK
r-release-osx-x86_64 0.5.1 NOTE
r-oldrel-windows-ix86+x86_64 0.5.1 474.00 167.00 641.00 OK
r-oldrel-osx-x86_64 0.5.1 NOTE

Check Details

Version: 0.5.1
Check: installed package size
Result: NOTE
     installed size is 11.9Mb
     sub-directories of 1Mb or more:
     libs 11.6Mb
Flavors: r-devel-linux-x86_64-fedora-clang, r-release-osx-x86_64, r-oldrel-osx-x86_64