CRAN Package Check Results for Package orthogonalsplinebasis

Last updated on 2021-12-07 14:53:08 CET.

Flavor Version Tinstall Tcheck Ttotal Status Flags
r-devel-linux-x86_64-debian-clang 0.1.6 3.47 35.44 38.91 NOTE
r-devel-linux-x86_64-debian-gcc 0.1.6 2.44 28.22 30.66 NOTE
r-devel-linux-x86_64-fedora-clang 0.1.6 49.10 NOTE
r-devel-linux-x86_64-fedora-gcc 0.1.6 38.19 NOTE
r-devel-windows-x86_64-new-UL 0.1.6 15.00 63.00 78.00 NOTE
r-devel-windows-x86_64-new-TK 0.1.6 NOTE
r-devel-windows-x86_64-old 0.1.6 8.00 39.00 47.00 NOTE
r-patched-linux-x86_64 0.1.6 3.72 34.49 38.21 NOTE
r-release-linux-x86_64 0.1.6 3.47 34.85 38.32 NOTE
r-release-macos-arm64 0.1.6 NOTE
r-release-macos-x86_64 0.1.6 NOTE
r-release-windows-ix86+x86_64 0.1.6 10.00 35.00 45.00 NOTE
r-oldrel-macos-x86_64 0.1.6 NOTE
r-oldrel-windows-ix86+x86_64 0.1.6 8.00 32.00 40.00 NOTE

Check Details

Version: 0.1.6
Check: R code for possible problems
Result: NOTE
    plot.SplineBasis: no visible global function definition for 'matplot'
    plot,SplineBasis-matrix: no visible global function definition for
     'matplot'
    plot,SplineBasis-missing: no visible global function definition for
     'matplot'
    Undefined global functions or variables:
     matplot
    Consider adding
     importFrom("graphics", "matplot")
    to your NAMESPACE file.
Flavors: r-devel-linux-x86_64-debian-clang, r-devel-linux-x86_64-debian-gcc, r-devel-linux-x86_64-fedora-clang, r-devel-linux-x86_64-fedora-gcc, r-devel-windows-x86_64-new-UL, r-devel-windows-x86_64-new-TK, r-devel-windows-x86_64-old, r-patched-linux-x86_64, r-release-linux-x86_64, r-release-macos-arm64, r-release-macos-x86_64, r-release-windows-ix86+x86_64, r-oldrel-macos-x86_64, r-oldrel-windows-ix86+x86_64