CRAN Package Check Results for Package oscar

Last updated on 2022-10-07 23:52:41 CEST.

Flavor Version Tinstall Tcheck Ttotal Status Flags
r-devel-linux-x86_64-debian-clang 1.0.4 45.88 80.38 126.26 OK
r-devel-linux-x86_64-debian-gcc 1.0.4 41.57 62.18 103.75 NOTE
r-devel-linux-x86_64-fedora-clang 1.0.4 168.79 OK
r-devel-linux-x86_64-fedora-gcc 1.0.4 170.98 OK
r-devel-windows-x86_64 1.0.4 55.00 118.00 173.00 OK
r-patched-linux-x86_64 1.0.4 35.27 77.47 112.74 OK
r-release-linux-x86_64 1.0.4 40.61 77.17 117.78 OK
r-release-macos-arm64 1.0.4 72.00 OK
r-release-macos-x86_64 1.0.4 67.00 OK
r-release-windows-x86_64 1.0.4 60.00 115.00 175.00 OK
r-oldrel-macos-arm64 1.0.4 79.00 OK
r-oldrel-macos-x86_64 1.0.4 62.00 OK
r-oldrel-windows-ix86+x86_64 1.0.4 104.00 132.00 236.00 OK

Check Details

Version: 1.0.4
Check: compilation flags used
Result: NOTE
    Compilation used the following non-portable flag(s):
     ‘-Wstrict-prototypes’
Flavor: r-devel-linux-x86_64-debian-gcc