Last updated on 2023-02-08 04:52:06 CET.
Flavor | Version | Tinstall | Tcheck | Ttotal | Status | Flags |
---|---|---|---|---|---|---|
r-devel-linux-x86_64-debian-clang | 0.1.2 | 2.49 | 34.58 | 37.07 | NOTE | |
r-devel-linux-x86_64-debian-gcc | 0.1.2 | 1.35 | 26.56 | 27.91 | NOTE | |
r-devel-linux-x86_64-fedora-clang | 0.1.2 | 45.12 | NOTE | |||
r-devel-linux-x86_64-fedora-gcc | 0.1.2 | 55.14 | NOTE | |||
r-devel-windows-x86_64 | 0.1.2 | 13.00 | 66.00 | 79.00 | NOTE | |
r-patched-linux-x86_64 | 0.1.2 | 2.27 | 34.13 | 36.40 | NOTE | |
r-release-linux-x86_64 | 0.1.2 | 1.91 | 32.31 | 34.22 | NOTE | |
r-release-macos-arm64 | 0.1.2 | 20.00 | NOTE | |||
r-release-macos-x86_64 | 0.1.2 | 27.00 | NOTE | |||
r-release-windows-x86_64 | 0.1.2 | 15.00 | 69.00 | 84.00 | NOTE | |
r-oldrel-macos-arm64 | 0.1.2 | 21.00 | NOTE | |||
r-oldrel-macos-x86_64 | 0.1.2 | 27.00 | NOTE | |||
r-oldrel-windows-ix86+x86_64 | 0.1.2 | 5.00 | 58.00 | 63.00 | NOTE |
Version: 0.1.2
Check: LazyData
Result: NOTE
'LazyData' is specified without a 'data' directory
Flavors: r-devel-linux-x86_64-debian-clang, r-devel-linux-x86_64-debian-gcc, r-devel-linux-x86_64-fedora-clang, r-devel-linux-x86_64-fedora-gcc, r-devel-windows-x86_64, r-patched-linux-x86_64, r-release-linux-x86_64, r-release-macos-arm64, r-release-macos-x86_64, r-release-windows-x86_64, r-oldrel-macos-arm64, r-oldrel-macos-x86_64, r-oldrel-windows-ix86+x86_64