CRAN Package Check Results for Package osmdata

Last updated on 2021-12-03 22:57:48 CET.

Flavor Version Tinstall Tcheck Ttotal Status Flags
r-devel-linux-x86_64-debian-clang 0.1.8 77.75 86.75 164.50 OK
r-devel-linux-x86_64-debian-gcc 0.1.8 62.70 65.46 128.16 OK
r-devel-linux-x86_64-fedora-clang 0.1.8 243.92 NOTE
r-devel-linux-x86_64-fedora-gcc 0.1.8 222.56 OK
r-devel-windows-x86_64-new-UL 0.1.8 109.00 174.00 283.00 NOTE
r-devel-windows-x86_64-new-TK 0.1.8 OK
r-devel-windows-x86_64-old 0.1.8 97.00 106.00 203.00 NOTE
r-patched-linux-x86_64 0.1.8 71.10 84.08 155.18 OK
r-release-linux-x86_64 0.1.8 72.82 83.85 156.67 OK
r-release-macos-arm64 0.1.8 NOTE
r-release-macos-x86_64 0.1.8 NOTE
r-release-windows-ix86+x86_64 0.1.8 186.00 168.00 354.00 NOTE
r-oldrel-macos-x86_64 0.1.8 NOTE
r-oldrel-windows-ix86+x86_64 0.1.8 184.00 168.00 352.00 NOTE

Check Details

Version: 0.1.8
Check: installed package size
Result: NOTE
     installed size is 11.2Mb
     sub-directories of 1Mb or more:
     doc 4.3Mb
     libs 5.9Mb
Flavors: r-devel-linux-x86_64-fedora-clang, r-devel-windows-x86_64-new-UL, r-devel-windows-x86_64-old, r-release-macos-arm64, r-release-macos-x86_64, r-release-windows-ix86+x86_64, r-oldrel-macos-x86_64, r-oldrel-windows-ix86+x86_64