Last updated on 2022-08-08 23:53:03 CEST.
Flavor | Version | Tinstall | Tcheck | Ttotal | Status | Flags |
---|---|---|---|---|---|---|
r-devel-linux-x86_64-debian-clang | 0.1.10 | 75.59 | 84.99 | 160.58 | OK | |
r-devel-linux-x86_64-debian-gcc | 0.1.10 | 67.89 | 64.18 | 132.07 | OK | |
r-devel-linux-x86_64-fedora-clang | 0.1.10 | 238.46 | NOTE | |||
r-devel-linux-x86_64-fedora-gcc | 0.1.10 | 224.03 | OK | |||
r-devel-windows-x86_64 | 0.1.10 | 121.00 | 147.00 | 268.00 | NOTE | |
r-patched-linux-x86_64 | 0.1.10 | 80.18 | 79.79 | 159.97 | OK | |
r-release-linux-x86_64 | 0.1.10 | OK | ||||
r-release-macos-arm64 | 0.1.10 | 71.00 | NOTE | |||
r-release-macos-x86_64 | 0.1.10 | 89.00 | NOTE | |||
r-release-windows-x86_64 | 0.1.10 | 113.00 | 150.00 | 263.00 | NOTE | |
r-oldrel-macos-arm64 | 0.1.10 | 68.00 | NOTE | |||
r-oldrel-macos-x86_64 | 0.1.10 | 87.00 | NOTE | |||
r-oldrel-windows-ix86+x86_64 | 0.1.10 | 185.00 | 151.00 | 336.00 | NOTE |
Version: 0.1.10
Check: installed package size
Result: NOTE
installed size is 9.9Mb
sub-directories of 1Mb or more:
doc 4.8Mb
libs 4.6Mb
Flavors: r-devel-linux-x86_64-fedora-clang, r-devel-windows-x86_64, r-release-macos-arm64, r-release-macos-x86_64, r-release-windows-x86_64, r-oldrel-macos-arm64, r-oldrel-macos-x86_64, r-oldrel-windows-ix86+x86_64