CRAN Package Check Results for Package osmplotr

Last updated on 2020-10-25 01:47:42 CEST.

Flavor Version Tinstall Tcheck Ttotal Status Flags
r-devel-linux-x86_64-debian-clang 0.3.2 17.08 261.44 278.52 OK
r-devel-linux-x86_64-debian-gcc 0.3.2 12.89 188.21 201.10 OK
r-devel-linux-x86_64-fedora-clang 0.3.2 324.66 NOTE
r-devel-linux-x86_64-fedora-gcc 0.3.2 331.37 OK
r-devel-windows-ix86+x86_64 0.3.2 38.00 305.00 343.00 NOTE
r-patched-linux-x86_64 0.3.2 15.59 244.28 259.87 OK
r-patched-solaris-x86 0.3.2 428.80 NOTE
r-release-linux-x86_64 0.3.2 16.80 240.42 257.22 OK
r-release-macos-x86_64 0.3.2 NOTE
r-release-windows-ix86+x86_64 0.3.2 28.00 225.00 253.00 NOTE
r-oldrel-macos-x86_64 0.3.2 NOTE
r-oldrel-windows-ix86+x86_64 0.3.2 31.00 225.00 256.00 NOTE

Check Details

Version: 0.3.2
Check: installed package size
Result: NOTE
     installed size is 8.1Mb
     sub-directories of 1Mb or more:
     doc 7.2Mb
Flavors: r-devel-linux-x86_64-fedora-clang, r-devel-windows-ix86+x86_64, r-patched-solaris-x86, r-release-macos-x86_64, r-release-windows-ix86+x86_64, r-oldrel-macos-x86_64, r-oldrel-windows-ix86+x86_64