CRAN Package Check Results for Package osrm

Last updated on 2021-06-14 04:53:32 CEST.

Flavor Version Tinstall Tcheck Ttotal Status Flags
r-devel-linux-x86_64-debian-clang 3.4.1 5.71 65.20 70.91 OK
r-devel-linux-x86_64-debian-gcc 3.4.1 4.31 48.91 53.22 OK
r-devel-linux-x86_64-fedora-clang 3.4.1 93.94 OK
r-devel-linux-x86_64-fedora-gcc 3.4.1 83.42 OK
r-devel-windows-x86_64 3.4.1 12.00 82.00 94.00 OK
r-devel-windows-x86_64-gcc10-UCRT 3.4.1 ERROR
r-patched-linux-x86_64 3.4.1 5.92 60.96 66.88 OK
r-patched-solaris-x86 3.4.1 123.90 OK
r-release-linux-x86_64 3.4.1 4.92 60.71 65.63 OK
r-release-macos-arm64 3.4.1 OK
r-release-macos-x86_64 3.4.1 OK
r-release-windows-ix86+x86_64 3.4.1 14.00 77.00 91.00 OK
r-oldrel-macos-x86_64 3.4.1 OK
r-oldrel-windows-ix86+x86_64 3.4.1 24.00 79.00 103.00 OK

Check Details

Version: 3.4.1
Check: package dependencies
Result: ERROR
    Package required but not available: 'sf'
    
    Packages suggested but not available for checking: 'mapsf', 'lwgeom'
    
    See section 'The DESCRIPTION file' in the 'Writing R Extensions'
    manual.
Flavor: r-devel-windows-x86_64-gcc10-UCRT