CRAN Package Check Results for Package ouch

Last updated on 2020-01-21 08:48:08 CET.

Flavor Version Tinstall Tcheck Ttotal Status Flags
r-devel-linux-x86_64-debian-clang 2.14-1 5.96 64.79 70.75 OK
r-devel-linux-x86_64-debian-gcc 2.14-1 4.70 49.18 53.88 OK
r-devel-linux-x86_64-fedora-clang 2.14-1 83.95 NOTE
r-devel-linux-x86_64-fedora-gcc 2.14-1 81.74 OK
r-devel-windows-ix86+x86_64 2.14-1 25.00 121.00 146.00 OK
r-devel-windows-ix86+x86_64-gcc8 2.14-1 18.00 177.00 195.00 OK
r-patched-linux-x86_64 2.14-1 4.49 56.68 61.17 OK
r-patched-solaris-x86 2.14-1 113.30 OK
r-release-linux-x86_64 2.14-1 4.09 57.03 61.12 OK
r-release-windows-ix86+x86_64 2.14-1 20.00 146.00 166.00 OK
r-release-osx-x86_64 2.14-1 OK
r-oldrel-windows-ix86+x86_64 2.11-1 11.00 145.00 156.00 OK
r-oldrel-osx-x86_64 2.14-1 ERROR

Check Details

Version: 2.14-1
Check: package dependencies
Result: NOTE
    Suggests orphaned package: ‘geiger’
Flavor: r-devel-linux-x86_64-fedora-clang

Version: 2.14-1
Check: whether package can be installed
Result: ERROR
    Installation failed.
Flavor: r-oldrel-osx-x86_64