CRAN Package Check Results for Package ouch

Last updated on 2019-12-15 18:50:14 CET.

Flavor Version Tinstall Tcheck Ttotal Status Flags
r-devel-linux-x86_64-debian-clang 2.14-1 6.04 63.77 69.81 OK
r-devel-linux-x86_64-debian-gcc 2.14-1 4.51 49.41 53.92 OK
r-devel-linux-x86_64-fedora-clang 2.14-1 83.28 OK
r-devel-linux-x86_64-fedora-gcc 2.14-1 79.57 OK
r-devel-windows-ix86+x86_64 2.14-1 14.00 167.00 181.00 OK
r-devel-windows-ix86+x86_64-gcc8 2.14-1 18.00 169.00 187.00 OK
r-patched-linux-x86_64 2.14-1 4.09 57.25 61.34 OK
r-patched-solaris-x86 2.14-1 104.10 OK
r-release-linux-x86_64 2.14-1 4.05 57.51 61.56 OK
r-release-windows-ix86+x86_64 2.14-1 15.00 109.00 124.00 OK
r-release-osx-x86_64 2.14-1 OK
r-oldrel-windows-ix86+x86_64 2.11-1 11.00 145.00 156.00 OK
r-oldrel-osx-x86_64 2.14-1 ERROR

Check Details

Version: 2.14-1
Check: whether package can be installed
Result: ERROR
    Installation failed.
Flavor: r-oldrel-osx-x86_64