CRAN Package Check Results for Package outcomerate

Last updated on 2024-02-22 00:58:37 CET.

Flavor Version Tinstall Tcheck Ttotal Status Flags
r-devel-linux-x86_64-debian-clang 1.0.1 NOTE
r-devel-linux-x86_64-debian-gcc 1.0.1 1.62 27.57 29.19 NOTE
r-devel-linux-x86_64-fedora-clang 1.0.1 47.87 OK
r-devel-linux-x86_64-fedora-gcc 1.0.1 57.47 OK
r-devel-windows-x86_64 1.0.1 3.00 49.00 52.00 OK
r-patched-linux-x86_64 1.0.1 2.38 34.40 36.78 OK
r-release-linux-x86_64 1.0.1 2.51 34.30 36.81 OK
r-release-macos-arm64 1.0.1 27.00 OK
r-release-macos-x86_64 1.0.1 37.00 OK
r-release-windows-x86_64 1.0.1 4.00 57.00 61.00 OK
r-oldrel-macos-arm64 1.0.1 20.00 OK
r-oldrel-windows-x86_64 1.0.1 4.00 55.00 59.00 OK

Check Details

Version: 1.0.1
Check: Rd files
Result: NOTE checkRd: (-1) fmat.Rd:15: Lost braces; missing escapes or markup? 15 | \item outcome: codes {I, P, R, NC, O, UH, UO, eUH, eUO, NE} | ^ checkRd: (-1) fmat.Rd:24: Lost braces; missing escapes or markup? 24 | The input parameters given by the user are {I, P, R, NC, O, UH, UO} and | ^ checkRd: (-1) fmat.Rd:25: Lost braces; missing escapes or markup? 25 | the parameter 'e'. The parameter e is multiplied by {UH, UO} internally so as to | ^ checkRd: (-1) fmat.Rd:26: Lost braces; missing escapes or markup? 26 | produce {eUH, eUO}. | ^ checkRd: (-1) middleearth.Rd:14: Lost braces; missing escapes or markup? 14 | \item \strong{code:} one of the outcome codes {I, P, R, NC, O, UH, UO, UH, UO, NE} | ^ Flavors: r-devel-linux-x86_64-debian-clang, r-devel-linux-x86_64-debian-gcc