CRAN Package Check Results for Package outliertree

Last updated on 2021-10-26 16:49:42 CEST.

Flavor Version Tinstall Tcheck Ttotal Status Flags
r-devel-linux-x86_64-debian-clang 1.7.6 91.59 39.28 130.87 OK
r-devel-linux-x86_64-debian-gcc 1.7.6 65.62 29.61 95.23 OK
r-devel-linux-x86_64-fedora-clang 1.7.6 218.23 NOTE
r-devel-linux-x86_64-fedora-gcc 1.7.6 186.75 OK
r-devel-windows-x86_64 1.7.6 108.00 69.00 177.00 OK
r-devel-windows-x86_64-gcc10-UCRT 1.7.6 OK
r-patched-linux-x86_64 1.7.6 78.09 36.69 114.78 OK
r-patched-solaris-x86 1.7.6 166.40 OK
r-release-linux-x86_64 1.7.6 83.42 37.12 120.54 OK
r-release-macos-arm64 1.7.6 NOTE
r-release-macos-x86_64 1.7.6 NOTE
r-release-windows-ix86+x86_64 1.7.6 171.00 85.00 256.00 OK
r-oldrel-macos-x86_64 1.7.6 NOTE
r-oldrel-windows-ix86+x86_64 1.7.6 225.00 86.00 311.00 OK

Check Details

Version: 1.7.6
Check: installed package size
Result: NOTE
     installed size is 5.3Mb
     sub-directories of 1Mb or more:
     libs 5.0Mb
Flavors: r-devel-linux-x86_64-fedora-clang, r-release-macos-arm64, r-release-macos-x86_64, r-oldrel-macos-x86_64