Last updated on 2025-01-18 15:02:51 CET.
Flavor | Version | Tinstall | Tcheck | Ttotal | Status | Flags |
---|---|---|---|---|---|---|
r-devel-linux-x86_64-debian-clang | 1.10.0 | 67.21 | 38.98 | 106.19 | OK | |
r-devel-linux-x86_64-debian-gcc | 1.10.0 | 45.05 | 30.23 | 75.28 | OK | |
r-devel-linux-x86_64-fedora-clang | 1.10.0 | 194.79 | OK | |||
r-devel-linux-x86_64-fedora-gcc | 1.10.0 | 212.68 | OK | |||
r-devel-windows-x86_64 | 1.10.0 | 65.00 | 80.00 | 145.00 | OK | |
r-patched-linux-x86_64 | 1.10.0 | 59.41 | 36.96 | 96.37 | OK | |
r-release-linux-x86_64 | 1.10.0 | 61.88 | 36.75 | 98.63 | OK | |
r-release-macos-arm64 | 1.10.0 | 58.00 | NOTE | |||
r-release-macos-x86_64 | 1.10.0 | 110.00 | NOTE | |||
r-release-windows-x86_64 | 1.10.0 | 66.00 | 91.00 | 157.00 | OK | |
r-oldrel-macos-arm64 | 1.10.0 | 61.00 | NOTE | |||
r-oldrel-macos-x86_64 | 1.10.0 | 107.00 | NOTE | |||
r-oldrel-windows-x86_64 | 1.10.0 | 75.00 | 90.00 | 165.00 | OK |
Version: 1.10.0
Check: installed package size
Result: NOTE
installed size is 7.2Mb
sub-directories of 1Mb or more:
doc 1.1Mb
libs 5.8Mb
Flavors: r-release-macos-arm64, r-release-macos-x86_64, r-oldrel-macos-arm64, r-oldrel-macos-x86_64