CRAN Package Check Results for Package outsider.base

Last updated on 2020-09-26 23:46:40 CEST.

Flavor Version Tinstall Tcheck Ttotal Status Flags
r-devel-linux-x86_64-debian-clang 0.1.3 2.77 30.14 32.91 OK
r-devel-linux-x86_64-debian-gcc 0.1.3 2.56 23.49 26.05 OK
r-devel-linux-x86_64-fedora-clang 0.1.3 50.93 NOTE
r-devel-linux-x86_64-fedora-gcc 0.1.3 58.86 NOTE
r-devel-windows-ix86+x86_64 0.1.3 7.00 49.00 56.00 OK
r-patched-linux-x86_64 0.1.3 2.88 29.25 32.13 OK
r-patched-solaris-x86 0.1.3 56.30 NOTE
r-release-linux-x86_64 0.1.3 3.30 29.21 32.51 OK
r-release-macos-x86_64 0.1.3 NOTE
r-release-windows-ix86+x86_64 0.1.3 15.00 51.00 66.00 OK
r-oldrel-macos-x86_64 0.1.3 NOTE
r-oldrel-windows-ix86+x86_64 0.1.3 5.00 60.00 65.00 OK

Additional issues

donttest

Check Details

Version: 0.1.3
Check: dependencies in R code
Result: NOTE
    Namespaces in Imports field not imported from:
     ‘jsonlite’ ‘praise’ ‘withr’
     All declared Imports should be used.
Flavors: r-devel-linux-x86_64-fedora-clang, r-devel-linux-x86_64-fedora-gcc, r-patched-solaris-x86, r-release-macos-x86_64, r-oldrel-macos-x86_64

Version: 0.1.3
Check: package dependencies
Result: NOTE
    Package suggested but not available for checking: ‘ssh’
Flavor: r-patched-solaris-x86