CRAN Package Check Results for Package overture

Last updated on 2021-10-18 00:48:22 CEST.

Flavor Version Tinstall Tcheck Ttotal Status Flags
r-devel-linux-x86_64-debian-clang 0.4-0 1.83 30.11 31.94 NOTE
r-devel-linux-x86_64-debian-gcc 0.4-0 1.81 23.35 25.16 NOTE
r-devel-linux-x86_64-fedora-clang 0.4-0 49.52 NOTE
r-devel-linux-x86_64-fedora-gcc 0.4-0 48.88 NOTE
r-devel-windows-x86_64 0.4-0 4.00 51.00 55.00 NOTE
r-devel-windows-x86_64-gcc10-UCRT 0.4-0 NOTE
r-patched-linux-x86_64 0.4-0 4.27 29.33 33.60 NOTE
r-patched-solaris-x86 0.4-0 60.70 NOTE
r-release-linux-x86_64 0.4-0 1.91 29.07 30.98 NOTE
r-release-macos-arm64 0.4-0 NOTE
r-release-macos-x86_64 0.4-0 NOTE
r-release-windows-ix86+x86_64 0.4-0 4.00 49.00 53.00 NOTE
r-oldrel-macos-x86_64 0.4-0 OK
r-oldrel-windows-ix86+x86_64 0.4-0 5.00 48.00 53.00 OK

Check Details

Version: 0.4-0
Check: LazyData
Result: NOTE
     'LazyData' is specified without a 'data' directory
Flavors: r-devel-linux-x86_64-debian-clang, r-devel-linux-x86_64-debian-gcc, r-devel-linux-x86_64-fedora-clang, r-devel-linux-x86_64-fedora-gcc, r-devel-windows-x86_64, r-devel-windows-x86_64-gcc10-UCRT, r-patched-linux-x86_64, r-patched-solaris-x86, r-release-linux-x86_64, r-release-macos-arm64, r-release-macos-x86_64, r-release-windows-ix86+x86_64